They're free, but use at your own risk
The scripts referenced here are used in the operation of this weather station, and may be freely copied and used to support your station. Please note that you use these scripts at your own risk. No warranty is expressed or implied. I accept no liability for any damages that may ensue from their use.
You will need to configure them for your own particular weather station website.
A RSS Feed is available to help keep you informed on updates to the scripts.
Many of these scripts are now available on GitHub at https://github.com/ktrue
A Version History is available -- check back from time to time to see if there are updates to scripts you have downloaded earlier.
Announcements of version updates and new scripts are made on
WXForum.net and
Weather-Watch forums
and saratogaWXPHP Twitter account as they become available.
Note: Twitter widget has been disabled 3-Jul-2023 since it no longer displays the recent update Tweets.
This page was updated
Friday, 11-Aug-2017 10:11 AM
PHP Scripts (run on webserver)
These scripts have run on PHP 4.1.2, and PHP 4.4.1. I don't have access to PHP 3.x, so it is not known if they will work on versions below PHP 4.1.2. If you try them and they work (or not) on earlier versions of PHP, please send me a message at webmaster[at]saratoga-weather.org and let me know the results.
Display .TXT NOAA style forecasts PHP
I needed to safely display a series of .TXT files (NOAA style climate reports) using the overall style of the website. My WeatherLink software produces regular reports (NOAAMO.TXT, NOAAPRMO.TXT, NOAAYR.TXT, NOAAPRYR.TXT) as part of the 5-minute update. I've also produced reports and named them NOAAyyyy.TXT for yearly reports and NOAAyyyy-mm.TXT for monthly reports. These I've uploaded (monthly) to a sub-directory on the website /NOAA-reports.
Version 1.04 (01-Dec-2007) adds a new feature for WeatherLink users to create new NOAAyyyy-mm.TXT and NOAAyyyy.TXT files from the respective NOAAPRMO.TXT and NOAAPRYR.TXT files when the month/year rolls over. It will copy the appropriate file to the $NOAAdir and name it so you have no monthly maintenance to do (except to view the NOAA reports page on the first of each month).
The NOAA-reports.php will read the sub-directory, sort the filenames produce a menu of available names, and display the file requested. It automatically uses NOAAMO.TXT and NOAAYR.TXT (WeatherLink version) for the current monthly and current yearly files. The nice thing about the script is it strictly controls what can be displayed (existing files only, no directory browsing). The following is a live display of WeatherLink produced NOAA style reports for this station.
<?php $doInclude = true; require("NOAA-reports-test.php"); ?>
2024: Jan | Feb | Mar | Apr | May | Jun | Jul | Aug | Sep | Oct | Nov | Dec
2023: Jan | Feb | Mar | Apr | May | Jun | Jul | Aug | Sep | Oct | Nov | Dec
2022: Jan | Feb | Mar | Apr | May | Jun | Jul | Aug | Sep | Oct | Nov | Dec
2021: Jan | Feb | Mar | Apr | May | Jun | Jul | Aug | Sep | Oct | Nov | Dec
2020: Jan | Feb | Mar | Apr | May | Jun | Jul | Aug | Sep | Oct | Nov | Dec
2019: Jan | Feb | Mar | Apr | May | Jun | Jul | Aug | Sep | Oct | Nov | Dec
2018: Jan | Feb | Mar | Apr | May | Jun | Jul | Aug | Sep | Oct | Nov | Dec
2017: Jan | Feb | Mar | Apr | May | Jun | Jul | Aug | Sep | Oct | Nov | Dec
2016: Jan | Feb | Mar | Apr | May | Jun | Jul | Aug | Sep | Oct | Nov | Dec
2015: Jan | Feb | Mar | Apr | May | Jun | Jul | Aug | Sep | Oct | Nov | Dec
2014: Jan | Feb | Mar | Apr | May | Jun | Jul | Aug | Sep | Oct | Nov | Dec
2013: Jan | Feb | Mar | Apr | May | Jun | Jul | Aug | Sep | Oct | Nov | Dec
2012: Jan | Feb | Mar | Apr | May | Jun | Jul | Aug | Sep | Oct | Nov | Dec
2011: Jan | Feb | Mar | Apr | May | Jun | Jul | Aug | Sep | Oct | Nov | Dec
2010: Jan | Feb | Mar | Apr | May | Jun | Jul | Aug | Sep | Oct | Nov | Dec
2009: Jan | Feb | Mar | Apr | May | Jun | Jul | Aug | Sep | Oct | Nov | Dec
2008: Jan | Feb | Mar | Apr | May | Jun | Jul | Aug | Sep | Oct | Nov | Dec
2007: Jan | Feb | Mar | Apr | May | Jun | Jul | Aug | Sep | Oct | Nov | Dec
2006: Jan | Feb | Mar | Apr | May | Jun | Jul | Aug | Sep | Oct | Nov | Dec
2005: Jan | Feb | Mar | Apr | May | Jun | Jul | Aug | Sep | Oct | Nov | Dec
2004: Jan | Feb | Mar | Apr | May | Jun | Jul | Aug | Sep | Oct | Nov | Dec
Report for 2021 03
MONTHLY CLIMATOLOGICAL SUMMARY for MAR. 2021
NAME: KCASARAT1 CITY: Saratoga STATE: CA
ELEV: 375 ft LAT: 37° 16' 28" N LONG: 122° 01' 23" W
TEMPERATURE (°F), RAIN (in), WIND SPEED (mph)
HEAT COOL AVG
MEAN DEG DEG WIND DOM
DAY TEMP HIGH TIME LOW TIME DAYS DAYS RAIN SPEED HIGH TIME DIR
------------------------------------------------------------------------------------
1 52.6 67.9 2:00p 38.6 5:00a 12.7 0.3 0.00 1.7 18.0 11:20a E
2 51.8 66.1 2:10p 39.2 7:05a 13.2 0.1 0.00 0.8 12.0 1:35p N
3 52.2 67.4 2:15p 42.3 12:00m 12.9 0.2 0.00 1.0 16.0 4:35p NE
4 50.0 65.6 4:05p 37.5 6:45a 15.0 0.0 0.00 1.1 12.0 4:05p NNE
5 52.3 66.0 3:05p 39.2 6:50a 12.8 0.1 0.17 1.7 22.0 11:00p NE
6 50.3 59.2 3:55p 41.2 12:00m 14.7 0.0 0.04 1.5 14.0 1:35p NNW
7 48.4 61.2 2:05p 36.5 6:30a 16.6 0.0 0.00 1.4 14.0 2:20p NW
8 49.5 61.6 3:05p 40.8 5:00a 15.5 0.0 0.00 1.7 14.0 3:55p WSW
9 49.1 60.9 1:25p 43.1 3:00a 15.9 0.0 0.26 1.9 19.0 2:25p E
10 46.4 55.4 2:30p 41.9 5:10a 18.6 0.0 0.22 1.2 13.0 3:20a SSW
11 46.8 55.1 3:25p 40.8 12:00m 18.2 0.0 0.13 1.0 12.0 3:10p NW
12 49.4 64.2 3:40p 36.6 6:45a 15.5 0.0 0.00 1.2 14.0 1:40p NW
13 48.9 59.3 2:20p 40.6 1:45a 16.1 0.0 0.00 1.3 12.0 12:35p NE
14 51.0 59.9 2:20p 46.2 6:40a 13.4 0.0 0.18 2.1 16.0 1:50p E
15 46.4 53.2 3:45p 41.5 6:20a 18.6 0.0 0.02 3.0 21.0 12:25p W
16 46.7 60.7 2:15p 35.2 7:25a 18.3 0.0 0.00 1.1 13.0 1:30p NE
17 47.3 59.8 2:30p 36.6 7:20a 17.7 0.0 0.00 0.7 10.0 2:20p NNW
18 52.6 58.7 1:05p 49.2 12:55a 12.4 0.0 0.08 3.7 19.0 11:00a E
19 53.2 59.9 12:55p 43.8 12:00m 11.8 0.0 0.00 0.8 11.0 1:50p NNE
20 48.2 59.2 2:35p 38.8 6:25a 16.8 0.0 0.01 1.6 14.0 1:35p N
21 50.0 64.8 4:05p 38.0 7:00a 15.0 0.0 0.00 1.5 14.0 1:30p NNW
22 50.6 63.7 3:00p 40.3 7:30a 14.4 0.0 0.00 1.7 14.0 5:30p W
23 55.0 65.0 4:35p 45.1 3:45a 10.0 0.0 0.00 3.7 25.0 5:15p NNW
24 56.2 69.3 4:25p 42.6 7:35a 9.4 0.6 0.00 1.2 14.0 5:55p NW
25 52.9 63.5 4:45p 46.1 5:25a 12.1 0.0 0.00 1.4 18.0 11:50a WSW
26 53.6 69.4 4:15p 39.3 7:20a 12.2 0.8 0.00 1.0 13.0 1:20p N
27 57.6 74.9 4:20p 42.5 7:20a 9.9 2.5 0.00 0.9 12.0 3:00p N
28 59.1 77.2 3:25p 43.9 7:30a 8.9 3.0 0.00 1.0 14.0 4:15p N
29 53.7 65.3 4:40p 41.9 7:15a 11.3 0.0 0.00 0.9 12.0 3:05p N
30 59.3 74.2 4:55p 45.4 3:45a 8.1 2.4 0.00 1.6 22.0 2:30p N
31 61.9 81.1 4:00p 45.1 7:20a 7.5 4.4 0.00 0.8 13.0 4:00p N
-------------------------------------------------------------------------------------
51.7 81.1 31 35.2 16 425.5 14.4 1.11 1.5 25.0 23 N
Max >= 90.0: 0
Max <= 32.0: 0
Min <= 32.0: 0
Min <= 0.0: 0
Max Rain: 0.26 ON 03/09/21
Days of Rain: 8 (>.01 in) 5 (>.1 in) 0 (>1 in)
Heat Base: 65.0 Cool Base: 65.0 Method: Integration
Downloads .. please customize for your directory and file naming convention ( WL or VWS).
Download WeatherLink/ VWS version (V1.07 - 11-Aug-2017) [ see version history ]