They're free, but use at your own risk
The scripts referenced here are used in the operation of this weather station, and may be freely copied and used to support your station. Please note that you use these scripts at your own risk. No warranty is expressed or implied. I accept no liability for any damages that may ensue from their use.
You will need to configure them for your own particular weather station website.
A RSS Feed is available to help keep you informed on updates to the scripts.
Many of these scripts are now available on GitHub at https://github.com/ktrue
A Version History is available -- check back from time to time to see if there are updates to scripts you have downloaded earlier.
Announcements of version updates and new scripts are made on
WXForum.net and
Weather-Watch forums
and saratogaWXPHP Twitter account as they become available.
Note: Twitter widget has been disabled 3-Jul-2023 since it no longer displays the recent update Tweets.
This page was updated
Friday, 11-Aug-2017 10:11 AM
PHP Scripts (run on webserver)
These scripts have run on PHP 4.1.2, and PHP 4.4.1. I don't have access to PHP 3.x, so it is not known if they will work on versions below PHP 4.1.2. If you try them and they work (or not) on earlier versions of PHP, please send me a message at webmaster[at]saratoga-weather.org and let me know the results.
Display .TXT NOAA style forecasts PHP
I needed to safely display a series of .TXT files (NOAA style climate reports) using the overall style of the website. My WeatherLink software produces regular reports (NOAAMO.TXT, NOAAPRMO.TXT, NOAAYR.TXT, NOAAPRYR.TXT) as part of the 5-minute update. I've also produced reports and named them NOAAyyyy.TXT for yearly reports and NOAAyyyy-mm.TXT for monthly reports. These I've uploaded (monthly) to a sub-directory on the website /NOAA-reports.
Version 1.04 (01-Dec-2007) adds a new feature for WeatherLink users to create new NOAAyyyy-mm.TXT and NOAAyyyy.TXT files from the respective NOAAPRMO.TXT and NOAAPRYR.TXT files when the month/year rolls over. It will copy the appropriate file to the $NOAAdir and name it so you have no monthly maintenance to do (except to view the NOAA reports page on the first of each month).
The NOAA-reports.php will read the sub-directory, sort the filenames produce a menu of available names, and display the file requested. It automatically uses NOAAMO.TXT and NOAAYR.TXT (WeatherLink version) for the current monthly and current yearly files. The nice thing about the script is it strictly controls what can be displayed (existing files only, no directory browsing). The following is a live display of WeatherLink produced NOAA style reports for this station.
<?php $doInclude = true; require("NOAA-reports-test.php"); ?>
2024: Jan | Feb | Mar | Apr | May | Jun | Jul | Aug | Sep | Oct | Nov | Dec
2023: Jan | Feb | Mar | Apr | May | Jun | Jul | Aug | Sep | Oct | Nov | Dec
2022: Jan | Feb | Mar | Apr | May | Jun | Jul | Aug | Sep | Oct | Nov | Dec
2021: Jan | Feb | Mar | Apr | May | Jun | Jul | Aug | Sep | Oct | Nov | Dec
2020: Jan | Feb | Mar | Apr | May | Jun | Jul | Aug | Sep | Oct | Nov | Dec
2019: Jan | Feb | Mar | Apr | May | Jun | Jul | Aug | Sep | Oct | Nov | Dec
2018: Jan | Feb | Mar | Apr | May | Jun | Jul | Aug | Sep | Oct | Nov | Dec
2017: Jan | Feb | Mar | Apr | May | Jun | Jul | Aug | Sep | Oct | Nov | Dec
2016: Jan | Feb | Mar | Apr | May | Jun | Jul | Aug | Sep | Oct | Nov | Dec
2015: Jan | Feb | Mar | Apr | May | Jun | Jul | Aug | Sep | Oct | Nov | Dec
2014: Jan | Feb | Mar | Apr | May | Jun | Jul | Aug | Sep | Oct | Nov | Dec
2013: Jan | Feb | Mar | Apr | May | Jun | Jul | Aug | Sep | Oct | Nov | Dec
2012: Jan | Feb | Mar | Apr | May | Jun | Jul | Aug | Sep | Oct | Nov | Dec
2011: Jan | Feb | Mar | Apr | May | Jun | Jul | Aug | Sep | Oct | Nov | Dec
2010: Jan | Feb | Mar | Apr | May | Jun | Jul | Aug | Sep | Oct | Nov | Dec
2009: Jan | Feb | Mar | Apr | May | Jun | Jul | Aug | Sep | Oct | Nov | Dec
2008: Jan | Feb | Mar | Apr | May | Jun | Jul | Aug | Sep | Oct | Nov | Dec
2007: Jan | Feb | Mar | Apr | May | Jun | Jul | Aug | Sep | Oct | Nov | Dec
2006: Jan | Feb | Mar | Apr | May | Jun | Jul | Aug | Sep | Oct | Nov | Dec
2005: Jan | Feb | Mar | Apr | May | Jun | Jul | Aug | Sep | Oct | Nov | Dec
2004: Jan | Feb | Mar | Apr | May | Jun | Jul | Aug | Sep | Oct | Nov | Dec
Report for 2006 10
MONTHLY CLIMATOLOGICAL SUMMARY for OCT. 2006
NAME: KCASARAT1 CITY: Saratoga STATE: CA
ELEV: 375 ft LAT: 37° 16' 28" N LONG: 122° 01' 23" W
TEMPERATURE (°F), RAIN (in), WIND SPEED (mph)
HEAT COOL AVG
MEAN DEG DEG WIND DOM
DAY TEMP HIGH TIME LOW TIME DAYS DAYS RAIN SPEED HIGH TIME DIR
------------------------------------------------------------------------------------
1 58.0 65.0 12:45p 53.1 11:05p 7.0 0.0 0.05 0.2 5.0 10:00a ESE
2 58.7 70.6 3:40p 49.9 11:10p 6.7 0.4 0.00 0.5 11.0 3:30p NW
3 57.8 71.3 1:30p 47.7 4:30a 7.6 0.5 0.00 0.9 16.0 3:45p NW
4 57.9 69.3 11:35a 49.1 7:20a 7.3 0.2 0.21 0.6 11.0 11:45a NW
5 56.0 62.4 11:10a 50.4 12:00m 9.0 0.0 0.21 0.2 8.0 5:00p NW
6 57.1 68.6 2:20p 49.2 2:15a 8.2 0.2 0.01 0.4 10.0 2:45p NW
7 58.8 74.2 4:05p 47.1 7:10a 7.7 1.6 0.00 0.6 11.0 1:45p NW
8 62.8 81.2 3:35p 48.5 7:10a 6.4 4.2 0.00 0.7 12.0 11:35a NW
9 64.1 81.6 3:40p 49.8 7:05a 5.4 4.4 0.00 0.5 11.0 4:00p N
10 60.8 73.5 2:35p 51.7 7:35a 5.6 1.5 0.00 0.7 12.0 3:30p NW
11 61.2 75.1 3:30p 49.5 7:15a 5.8 2.0 0.00 0.5 10.0 3:40p NNE
12 60.0 76.8 2:25p 47.4 7:05a 7.4 2.3 0.00 0.5 9.0 4:20p NNW
13 58.0 72.5 2:15p 46.5 6:00a 8.1 1.0 0.00 0.8 11.0 3:00p NW
14 57.5 69.3 3:45p 48.8 5:00a 7.8 0.3 0.00 0.6 12.0 4:30p E
15 56.1 62.9 3:40p 50.4 11:00p 8.9 0.0 0.00 1.0 12.0 5:15p NW
16 58.0 69.1 1:25p 48.6 12:00m 7.3 0.3 0.00 0.7 13.0 4:15p NW
17 56.9 71.5 2:45p 45.7 6:30a 9.1 1.1 0.00 0.8 13.0 12:20p NW
18 59.5 76.1 2:40p 47.0 3:40a 8.0 2.5 0.00 0.7 13.0 4:05p NW
19 60.7 79.2 3:55p 45.5 6:40a 7.8 3.5 0.00 0.5 13.0 4:35p NW
20 64.2 83.0 3:00p 48.8 7:25a 5.8 5.0 0.00 0.7 11.0 12:05p NW
21 64.6 83.8 2:30p 49.2 7:35a 5.4 5.1 0.00 0.4 10.0 4:10p NW
22 62.9 82.4 3:40p 49.2 6:55a 6.1 4.0 0.00 0.3 10.0 4:40p N
23 61.6 82.6 3:55p 46.2 7:20a 7.4 4.0 0.00 0.2 7.0 12:45p N
24 58.3 73.5 2:55p 47.3 5:50a 8.0 1.3 0.00 0.5 13.0 10:50p NW
25 58.2 73.7 2:10p 46.7 7:45a 8.7 1.9 0.00 1.1 17.0 2:25p NW
26 60.6 76.8 3:35p 48.8 4:40a 6.9 2.5 0.00 0.6 11.0 11:55a NW
27 59.6 79.9 3:35p 44.1 7:20a 8.6 3.2 0.00 0.3 10.0 3:05p NW
28 59.7 79.2 3:00p 44.1 7:35a 8.5 3.2 0.00 0.3 8.0 3:20p NW
29 54.1 69.1 1:45p 42.3 6:40a 11.2 0.3 0.00 0.4 10.0 2:40p NNW
30 52.8 64.7 1:30p 42.1 7:00a 12.2 0.0 0.00 0.5 10.0 2:30p ESE
31 52.0 65.2 2:00p 43.3 11:45p 13.0 0.0 0.00 0.6 10.0 2:30p NW
-------------------------------------------------------------------------------------
59.0 83.8 21 42.1 30 242.9 56.5 0.48 0.6 17.0 25 NW
Max >= 90.0: 0
Max <= 32.0: 0
Min <= 32.0: 0
Min <= 0.0: 0
Max Rain: 0.21 ON 10/04/06
Days of Rain: 3 (>.01 in) 2 (>.1 in) 0 (>1 in)
Heat Base: 65.0 Cool Base: 65.0 Method: Integration
Downloads .. please customize for your directory and file naming convention ( WL or VWS).
Download WeatherLink/ VWS version (V1.07 - 11-Aug-2017) [ see version history ]