deformed-offering

NOAA-style climate reports

2021: Jan | Feb | Mar | Apr | May | Jun | Jul | Aug | Sep | Oct | Nov | Dec 
2020: Jan | Feb | Mar | Apr | May | Jun | Jul | Aug | Sep | Oct | Nov | Dec 
2019: Jan | Feb | Mar | Apr | May | Jun | Jul | Aug | Sep | Oct | Nov | Dec 
2018: Jan | Feb | Mar | Apr | May | Jun | Jul | Aug | Sep | Oct | Nov | Dec 
2017: Jan | Feb | Mar | Apr | May | Jun | Jul | Aug | Sep | Oct | Nov | Dec 
2016: Jan | Feb | Mar | Apr | May | Jun | Jul | Aug | Sep | Oct | Nov | Dec 
2015: Jan | Feb | Mar | Apr | May | Jun | Jul | Aug | Sep | Oct | Nov | Dec 
2014: Jan | Feb | Mar | Apr | May | Jun | Jul | Aug | Sep | Oct | Nov | Dec 
2013: Jan | Feb | Mar | Apr | May | Jun | Jul | Aug | Sep | Oct | Nov | Dec 
2012: Jan | Feb | Mar | Apr | May | Jun | Jul | Aug | Sep | Oct | Nov | Dec 
2011: Jan | Feb | Mar | Apr | May | Jun | Jul | Aug | Sep | Oct | Nov | Dec 
2010: Jan | Feb | Mar | Apr | May | Jun | Jul | Aug | Sep | Oct | Nov | Dec 
2009: Jan | Feb | Mar | Apr | May | Jun | Jul | Aug | Sep | Oct | Nov | Dec 
2008: Jan | Feb | Mar | Apr | May | Jun | Jul | Aug | Sep | Oct | Nov | Dec 
2007: Jan | Feb | Mar | Apr | May | Jun | Jul | Aug | Sep | Oct | Nov | Dec 
2006: Jan | Feb | Mar | Apr | May | Jun | Jul | Aug | Sep | Oct | Nov | Dec 
2005: Jan | Feb | Mar | Apr | May | Jun | Jul | Aug | Sep | Oct | Nov | Dec 
2004: Jan | Feb | Mar | Apr | May | Jun | Jul | Aug | Sep | Oct | Nov | Dec 

Report for 2021 04
MONTHLY CLIMATOLOGICAL SUMMARY for APR. 2021 NAME: KCASARAT1 CITY: Saratoga STATE: CA ELEV: 375 ft LAT: 37 16' 28" N LONG: 122 01' 23" W TEMPERATURE (F), RAIN (in), WIND SPEED (mph) HEAT COOL AVG MEAN DEG DEG WIND DOM DAY TEMP HIGH TIME LOW TIME DAYS DAYS RAIN SPEED HIGH TIME DIR ------------------------------------------------------------------------------------ 1 64.8 83.6 3:45p 48.9 7:10a 5.8 5.6 0.00 0.7 11.0 2:55p NNW 2 58.0 73.2 3:30p 45.2 7:00a 8.5 1.5 0.00 1.1 11.0 2:45p N 3 55.3 64.3 3:20p 50.2 11:30p 9.7 0.0 0.00 1.0 14.0 3:35p E 4 54.7 63.5 3:45p 48.3 11:55p 10.3 0.0 0.00 0.9 13.0 4:20p N 5 53.7 63.9 2:40p 44.6 3:15a 11.3 0.0 0.00 1.3 16.0 3:55p N 6 56.3 68.4 3:30p 49.4 7:30a 8.9 0.3 0.00 1.0 14.0 4:05p NNE 7 54.9 64.7 1:45p 47.4 12:00m 10.1 0.0 0.00 1.3 16.0 2:15p NE 8 53.2 67.9 2:35p 40.9 6:50a 12.1 0.4 0.00 1.1 14.0 3:45p N 9 51.9 64.3 3:40p 42.2 6:35a 13.1 0.0 0.00 1.4 13.0 8:25p NE 10 53.8 70.1 3:30p 40.3 6:40a 12.1 0.8 0.00 1.0 11.0 2:00p N 11 55.1 73.3 4:15p 41.2 6:45a 11.3 1.4 0.00 1.1 11.0 12:25p N 12 56.8 75.3 3:15p 42.3 6:40a 10.1 1.9 0.00 1.0 10.0 3:35p N 13 55.1 67.4 3:05p 45.1 7:10a 10.1 0.2 0.00 1.4 13.0 12:40p W 14 55.1 70.1 3:35p 41.3 6:45a 10.8 0.9 0.00 1.2 15.0 3:30p N 15 54.7 68.8 2:05p 42.1 6:55a 10.7 0.5 0.00 1.4 14.0 2:10p N 16 56.3 68.6 2:30p 48.0 12:50a 9.2 0.5 0.00 1.1 12.0 2:15p N 17 58.5 73.0 3:55p 49.2 6:20a 7.9 1.4 0.00 1.1 14.0 3:45p N 18 62.2 83.8 4:00p 44.6 6:45a 7.8 5.0 0.00 0.8 16.0 4:55p N 19 57.7 69.6 2:35p 46.8 5:50a 8.2 0.9 0.00 1.1 11.0 1:20p N 20 53.0 64.0 2:20p 43.9 6:40a 12.0 0.0 0.00 1.6 24.0 3:10p W 21 55.6 70.1 3:00p 44.9 6:30a 10.1 0.7 0.00 1.2 13.0 3:25p NE 22 56.5 68.8 2:35p 48.2 4:35a 8.8 0.4 0.00 1.8 13.0 2:05p NE 23 57.1 70.9 3:25p 45.1 6:40a 8.9 1.0 0.00 1.5 12.0 1:25p NE 24 56.8 66.6 1:50p 48.0 6:55a 8.4 0.1 0.00 1.2 13.0 6:40p NE 25 55.2 60.7 4:50p 47.6 12:00m 9.7 0.0 0.00 0.8 13.0 5:30p NNW 26 51.3 62.3 4:45p 41.1 6:30a 13.7 0.0 0.00 1.2 16.0 3:15p W 27 56.3 71.8 4:25p 41.2 6:20a 10.3 1.6 0.00 1.3 19.0 3:15p N 28 62.9 81.6 4:40p 45.8 6:40a 7.1 5.0 0.00 1.3 13.0 1:35p N 29 62.2 77.6 1:40p 48.3 6:25a 6.1 3.3 0.00 1.2 10.0 1:10p NNE 30 59.1 74.0 2:15p 47.1 6:45a 7.4 1.6 0.00 1.1 12.0 3:00p N ------------------------------------------------------------------------------------- 56.5 83.8 18 40.3 10 290.5 35.0 0.00 1.2 24.0 20 N Max >= 90.0: 0 Max <= 32.0: 0 Min <= 32.0: 0 Min <= 0.0: 0 Max Rain: 0.00 ON 04/01/21 Days of Rain: 0 (>.01 in) 0 (>.1 in) 0 (>1 in) Heat Base: 65.0 Cool Base: 65.0 Method: Integration

These reports are produced by WeatherLink V6.0.3.

deformed-offering