deformed-offering

NOAA-style climate reports

2021: Jan | Feb | Mar | Apr | May | Jun | Jul | Aug | Sep | Oct | Nov | Dec 
2020: Jan | Feb | Mar | Apr | May | Jun | Jul | Aug | Sep | Oct | Nov | Dec 
2019: Jan | Feb | Mar | Apr | May | Jun | Jul | Aug | Sep | Oct | Nov | Dec 
2018: Jan | Feb | Mar | Apr | May | Jun | Jul | Aug | Sep | Oct | Nov | Dec 
2017: Jan | Feb | Mar | Apr | May | Jun | Jul | Aug | Sep | Oct | Nov | Dec 
2016: Jan | Feb | Mar | Apr | May | Jun | Jul | Aug | Sep | Oct | Nov | Dec 
2015: Jan | Feb | Mar | Apr | May | Jun | Jul | Aug | Sep | Oct | Nov | Dec 
2014: Jan | Feb | Mar | Apr | May | Jun | Jul | Aug | Sep | Oct | Nov | Dec 
2013: Jan | Feb | Mar | Apr | May | Jun | Jul | Aug | Sep | Oct | Nov | Dec 
2012: Jan | Feb | Mar | Apr | May | Jun | Jul | Aug | Sep | Oct | Nov | Dec 
2011: Jan | Feb | Mar | Apr | May | Jun | Jul | Aug | Sep | Oct | Nov | Dec 
2010: Jan | Feb | Mar | Apr | May | Jun | Jul | Aug | Sep | Oct | Nov | Dec 
2009: Jan | Feb | Mar | Apr | May | Jun | Jul | Aug | Sep | Oct | Nov | Dec 
2008: Jan | Feb | Mar | Apr | May | Jun | Jul | Aug | Sep | Oct | Nov | Dec 
2007: Jan | Feb | Mar | Apr | May | Jun | Jul | Aug | Sep | Oct | Nov | Dec 
2006: Jan | Feb | Mar | Apr | May | Jun | Jul | Aug | Sep | Oct | Nov | Dec 
2005: Jan | Feb | Mar | Apr | May | Jun | Jul | Aug | Sep | Oct | Nov | Dec 
2004: Jan | Feb | Mar | Apr | May | Jun | Jul | Aug | Sep | Oct | Nov | Dec 

Report for 2021 02
MONTHLY CLIMATOLOGICAL SUMMARY for FEB. 2021 NAME: KCASARAT1 CITY: Saratoga STATE: CA ELEV: 375 ft LAT: 37 16' 28" N LONG: 122 01' 23" W TEMPERATURE (F), RAIN (in), WIND SPEED (mph) HEAT COOL AVG MEAN DEG DEG WIND DOM DAY TEMP HIGH TIME LOW TIME DAYS DAYS RAIN SPEED HIGH TIME DIR ------------------------------------------------------------------------------------ 1 53.0 60.5 3:15p 44.3 4:55a 12.0 0.0 0.00 2.9 18.0 11:15a E 2 53.0 59.5 1:35p 43.2 11:40p 12.0 0.0 0.08 1.4 13.0 1:10a E 3 47.2 56.7 2:00p 38.2 7:35a 17.8 0.0 0.02 0.8 11.0 11:40a N 4 48.3 58.7 3:50p 39.3 7:40a 16.7 0.0 0.00 0.8 11.0 12:25p NNW 5 51.1 67.9 3:25p 39.3 7:35a 14.2 0.3 0.00 0.9 11.0 1:45p NNW 6 51.9 68.3 3:20p 41.3 7:40a 13.6 0.5 0.00 0.8 11.0 12:25p NNW 7 50.0 66.4 3:05p 38.9 6:50a 15.1 0.1 0.00 0.6 11.0 12:40p N 8 48.5 60.4 2:40p 37.9 5:45a 16.5 0.0 0.00 0.2 7.0 12:35p N 9 52.5 61.0 3:50p 46.8 7:20a 12.5 0.0 0.00 0.2 6.0 4:05p N 10 51.0 60.9 2:05p 43.3 7:30a 14.0 0.0 0.00 0.7 10.0 2:05p N 11 50.6 59.6 2:35p 43.2 5:20a 14.4 0.0 0.21 0.6 13.0 7:55p ESE 12 52.3 59.5 2:20p 46.8 4:45a 12.7 0.0 0.00 1.7 16.0 10:00a NNW 13 52.5 60.2 1:35p 43.1 12:00m 12.5 0.0 0.00 2.0 24.0 1:55p NW 14 49.5 57.8 2:35p 40.2 3:30a 15.5 0.0 0.00 0.3 8.0 4:05a NE 15 54.0 64.7 1:50p 44.6 12:00m 11.0 0.0 0.01 0.9 14.0 3:00p E 16 47.6 57.2 2:55p 39.3 7:00a 17.3 0.0 0.00 1.6 14.0 1:35p NNW 17 47.9 60.7 3:40p 37.9 7:00a 17.1 0.0 0.01 1.6 16.0 1:55p NW 18 50.4 65.6 2:20p 37.0 6:15a 14.6 0.0 0.00 0.7 10.0 2:20p N 19 53.5 63.9 2:20p 45.4 11:55p 11.5 0.0 0.00 0.7 12.0 2:45p N 20 50.0 58.6 3:40p 43.8 1:20a 15.0 0.0 0.00 2.7 18.0 8:00a NW 21 49.6 62.4 3:15p 39.1 7:05a 15.4 0.0 0.00 1.2 13.0 3:25p NNW 22 53.7 67.6 3:30p 43.6 7:15a 11.6 0.3 0.00 1.0 11.0 12:35p NW 23 56.7 75.4 3:40p 46.1 2:15a 10.3 1.9 0.00 1.4 16.0 3:35p WNW 24 54.5 68.9 2:55p 39.8 7:00a 11.1 0.6 0.00 2.2 18.0 3:30p N 25 52.4 66.1 2:45p 40.3 6:40a 12.7 0.1 0.00 1.3 14.0 10:20a NW 26 48.8 62.6 2:55p 38.3 6:35a 16.2 0.0 0.00 1.4 17.0 4:00p N 27 48.7 60.7 3:10p 37.8 6:45a 16.3 0.0 0.00 1.9 18.0 1:30p NW 28 51.2 65.0 3:30p 40.1 4:10a 13.8 0.0 0.00 0.9 11.0 9:40a NW ------------------------------------------------------------------------------------- 51.1 75.4 23 37.0 18 393.4 3.8 0.33 1.2 24.0 13 NNW Max >= 90.0: 0 Max <= 32.0: 0 Min <= 32.0: 0 Min <= 0.0: 0 Max Rain: 0.21 ON 02/11/21 Days of Rain: 3 (>.01 in) 1 (>.1 in) 0 (>1 in) Heat Base: 65.0 Cool Base: 65.0 Method: Integration

These reports are produced by WeatherLink V6.0.3.

deformed-offering