NOAA-Style Climate Reports

Select a Year or Month report
2024: Jan Feb Mar Apr May Jun Jul Aug Sep Oct Nov Dec
2023: Jan Feb Mar Apr May Jun Jul Aug Sep Oct Nov Dec
2022: Jan Feb Mar Apr May Jun Jul Aug Sep Oct Nov Dec
2021: Jan Feb Mar Apr May Jun Jul Aug Sep Oct Nov Dec
2020: Jan Feb Mar Apr May Jun Jul Aug Sep Oct Nov Dec
2019: Jan Feb Mar Apr May Jun Jul Aug Sep Oct Nov Dec
2018: Jan Feb Mar Apr May Jun Jul Aug Sep Oct Nov Dec
2017: Jan Feb Mar Apr May Jun Jul Aug Sep Oct Nov Dec
2016: Jan Feb Mar Apr May Jun Jul Aug Sep Oct Nov Dec

Report for 2024 February

Daily noaa report



                            MONTHLY CLIMATOLOGICAL SUMMARY for FEB. 2024

NAME: KCASARAT1   CITY: Saratoga STATE: CA
ELEV: 375 LAT: 037:16:28 LONG: 0122:01:23

                            TEMPERATURE ( °F), RAIN (in.), WIND SPEED (mph)

                                               HEAT     COOL           AVG
      MEAN                                     DEG      DEG            WIND                       DOM
DAY   TEMP    HIGH   TIME     LOW    TIME      DAYS     DAYS    RAIN   SPEED    HIGH    TIME      DIR
--------------------------------------------------------------------------------------------------------
02    50.0   056.3   13:15    44.1   21:37     15.0     00.0   00.25   01.1     11.5    15:14      W 
03    48.8   056.2   14:15    44.1   03:23     16.1     00.0   00.46   01.1     12.7    22:52     ESE
04    52.7   058.3   14:10    48.0   00:18     12.2     00.0   02.85   05.1     33.4    15:29     SSE
05    52.4   058.1   14:20    48.5   22:13     12.6     00.0   04.08   03.6     33.4    15:35     SSE
06    49.6   056.7   14:56    44.3   23:33     15.4     00.0   00.04   00.8     11.5    15:17      W 
07    47.2   049.6   10:10    45.1   19:51     17.8     00.0   00.56   01.6     18.4    17:18     WNW
08    45.3   056.0   15:46    36.9   07:29     19.7     00.0   00.00   01.0     11.5    15:24      W 
09    45.5   056.2   15:26    36.5   07:18     19.5     00.0   00.00   01.0     11.5    15:21     WNW
10    47.9   060.1   15:35    38.8   07:20     17.1     00.0   00.00   01.4     11.5    15:31     WNW
11    48.0   061.2   15:43    39.1   07:14     16.9     00.0   00.00   01.1     08.1    16:45     WNW
12    47.9   061.3   15:22    38.6   06:42     17.0     00.0   00.00   00.9     09.2    15:10     WNW
13    49.1   062.4   14:39    41.3   05:03     15.9     00.0   00.00   01.0     11.5    15:41      NW
14    51.5   058.0   13:59    44.8   00:33     13.4     00.0   00.23   01.6     19.6    16:17      SE
15    52.0   062.9   15:13    43.6   06:04     12.9     00.0   00.01   00.8     08.1    15:32     WNW
16    52.3   061.5   15:49    45.8   07:41     12.7     00.0   00.00   00.4     08.1    16:14     WSW
17    54.2   058.3   14:00    50.1   01:43     10.7     00.0   00.51   02.8     21.9    12:53     ESE
18    56.6   067.1   13:09    50.2   03:07     08.3     00.0   01.18   03.0     34.5    19:38      SE
19    55.7   059.5   10:50    53.6   03:11     09.3     00.0   01.33   06.0     39.1    10:35      S 
20    54.1   061.2   12:02    48.8   00:00     10.9     00.0   00.29   01.6     16.1    11:21     ESE
21    50.8   061.0   14:50    42.2   07:17     14.2     00.0   00.02   00.7     10.3    15:08      W 
22    51.9   064.7   15:21    43.6   06:09     13.0     00.0   00.00   00.8     09.2    15:38      W 
23    52.3   065.3   15:58    43.1   06:15     12.6     00.0   00.01   00.8     08.1    16:46      W 
24    56.2   072.1   15:40    44.3   07:25     08.7     00.0   00.00   01.1     06.9    16:30      W 
--------------------------------------------------------------------------------------------------------
51.0 (52.2)   72.1  day 24     36.5  day 09   321.7    000.0   08.51   01.7     39.1   day 19      S 
Min <  86: 23
Max Rain: 4.08 ON 5-02-24
Days of Rain: 14 (> .008in) 10 (> .08in) 4 (> 0.8in)