deformed-offering

Weather station scripts - NOAA Climate Report display

They're free, but use at your own risk

The scripts referenced here are used in the operation of this weather station, and may be freely copied and used to support your station. Please note that you use these scripts at your own risk. No warranty is expressed or implied. I accept no liability for any damages that may ensue from their use.
You will need to configure them for your own particular weather station website.
RSS feed for Scripts Updates A RSS Feed is available to help keep you informed on updates to the scripts.

Many of these scripts are now available on GitHub at https://github.com/ktrue

If you find one or more of the scripts useful to you, please consider making a donation to help offset the routine expenses of operation of this website.
Thanks for your kind support!

A Version History is available -- check back from time to time to see if there are updates to scripts you have downloaded earlier. Announcements of version updates and new scripts are made on WXForum.net and Weather-Watch forums and saratogaWXPHP Twitter account as they become available.

This page was updated Friday, 11-Aug-2017 10:11 AM

PHP Scripts (run on webserver)

These scripts have run on PHP 4.1.2, and PHP 4.4.1. I don't have access to PHP 3.x, so it is not known if they will work on versions below PHP 4.1.2. If you try them and they work (or not) on earlier versions of PHP, please send me a message at webmaster[at]saratoga-weather.org and let me know the results.

Display .TXT NOAA style forecasts PHP

I needed to safely display a series of .TXT files (NOAA style climate reports) using the overall style of the website. My WeatherLink software produces regular reports (NOAAMO.TXT, NOAAPRMO.TXT, NOAAYR.TXT, NOAAPRYR.TXT) as part of the 5-minute update. I've also produced reports and named them NOAAyyyy.TXT for yearly reports and NOAAyyyy-mm.TXT for monthly reports. These I've uploaded (monthly) to a sub-directory on the website /NOAA-reports.

Version 1.04 (01-Dec-2007) adds a new feature for WeatherLink users to create new NOAAyyyy-mm.TXT and NOAAyyyy.TXT files from the respective NOAAPRMO.TXT and NOAAPRYR.TXT files when the month/year rolls over. It will copy the appropriate file to the $NOAAdir and name it so you have no monthly maintenance to do (except to view the NOAA reports page on the first of each month).

The NOAA-reports.php will read the sub-directory, sort the filenames produce a menu of available names, and display the file requested. It automatically uses NOAAMO.TXT and NOAAYR.TXT (WeatherLink version) for the current monthly and current yearly files. The nice thing about the script is it strictly controls what can be displayed (existing files only, no directory browsing). The following is a live display of WeatherLink produced NOAA style reports for this station.

<?php $doInclude = true; require("NOAA-reports-test.php"); ?>
2020: Jan | Feb | Mar | Apr | May | Jun | Jul | Aug | Sep | Oct | Nov | Dec 
2019: Jan | Feb | Mar | Apr | May | Jun | Jul | Aug | Sep | Oct | Nov | Dec 
2018: Jan | Feb | Mar | Apr | May | Jun | Jul | Aug | Sep | Oct | Nov | Dec 
2017: Jan | Feb | Mar | Apr | May | Jun | Jul | Aug | Sep | Oct | Nov | Dec 
2016: Jan | Feb | Mar | Apr | May | Jun | Jul | Aug | Sep | Oct | Nov | Dec 
2015: Jan | Feb | Mar | Apr | May | Jun | Jul | Aug | Sep | Oct | Nov | Dec 
2014: Jan | Feb | Mar | Apr | May | Jun | Jul | Aug | Sep | Oct | Nov | Dec 
2013: Jan | Feb | Mar | Apr | May | Jun | Jul | Aug | Sep | Oct | Nov | Dec 
2012: Jan | Feb | Mar | Apr | May | Jun | Jul | Aug | Sep | Oct | Nov | Dec 
2011: Jan | Feb | Mar | Apr | May | Jun | Jul | Aug | Sep | Oct | Nov | Dec 
2010: Jan | Feb | Mar | Apr | May | Jun | Jul | Aug | Sep | Oct | Nov | Dec 
2009: Jan | Feb | Mar | Apr | May | Jun | Jul | Aug | Sep | Oct | Nov | Dec 
2008: Jan | Feb | Mar | Apr | May | Jun | Jul | Aug | Sep | Oct | Nov | Dec 
2007: Jan | Feb | Mar | Apr | May | Jun | Jul | Aug | Sep | Oct | Nov | Dec 
2006: Jan | Feb | Mar | Apr | May | Jun | Jul | Aug | Sep | Oct | Nov | Dec 
2005: Jan | Feb | Mar | Apr | May | Jun | Jul | Aug | Sep | Oct | Nov | Dec 
2004: Jan | Feb | Mar | Apr | May | Jun | Jul | Aug | Sep | Oct | Nov | Dec 

Report for 2020 04
MONTHLY CLIMATOLOGICAL SUMMARY for APR. 2020 NAME: KCASARAT1 CITY: Saratoga STATE: CA ELEV: 375 ft LAT: 37 16' 28" N LONG: 122 01' 23" W TEMPERATURE (F), RAIN (in), WIND SPEED (mph) HEAT COOL AVG MEAN DEG DEG WIND DOM DAY TEMP HIGH TIME LOW TIME DAYS DAYS RAIN SPEED HIGH TIME DIR ------------------------------------------------------------------------------------ 1 52.3 64.3 4:20p 43.1 7:05a 12.7 0.0 0.00 1.4 16.0 3:30p W 2 51.5 65.3 3:45p 40.3 7:00a 13.5 0.0 0.00 1.4 14.0 1:35p N 3 50.8 63.9 2:55p 39.5 7:00a 14.1 0.0 0.00 1.4 14.0 5:10p N 4 50.5 59.2 3:55p 41.6 6:00a 14.5 0.0 0.67 1.1 13.0 3:45p ESE 5 51.5 55.3 11:20a 45.2 12:00m 13.5 0.0 1.41 1.4 22.0 10:20a E 6 46.3 49.9 5:40p 43.1 4:35a 18.7 0.0 0.48 0.1 6.0 9:00p NNW 7 49.6 62.4 4:25p 37.6 6:50a 15.4 0.0 0.02 1.1 12.0 5:05p N 8 54.6 64.8 4:25p 46.7 12:40a 10.4 0.0 0.00 1.2 14.0 12:50p ESE 9 56.2 63.1 3:15p 51.3 12:05a 8.8 0.0 0.00 0.9 11.0 8:00a ESE 10 58.2 65.6 3:35p 52.0 11:15p 6.8 0.0 0.00 1.3 13.0 5:15p N 11 56.8 65.8 2:45p 51.3 1:15a 8.2 0.0 0.00 1.3 11.0 2:30p N 12 58.6 66.9 5:05p 52.8 6:45a 6.6 0.2 0.00 1.1 13.0 5:20p NE 13 58.9 71.3 4:10p 47.0 7:00a 7.3 1.2 0.00 1.2 12.0 4:30p N 14 60.0 75.8 4:15p 44.5 6:50a 8.0 3.0 0.00 1.2 13.0 4:05p N 15 62.0 79.6 4:30p 47.0 6:45a 6.9 4.0 0.00 1.0 10.0 12:30p N 16 59.1 68.8 3:35p 54.5 1:05a 6.2 0.3 0.00 1.3 12.0 3:40p NE 17 58.2 66.8 3:05p 52.8 11:25p 6.9 0.1 0.00 2.2 16.0 12:30p ESE 18 58.1 67.1 4:10p 51.9 12:00m 7.1 0.3 0.00 1.7 13.0 1:00p ESE 19 56.3 66.9 2:25p 45.8 6:20a 9.0 0.3 0.00 1.1 13.0 4:45p N 20 56.9 63.5 1:25p 48.8 11:45p 8.1 0.0 0.00 1.1 14.0 5:45p W 21 57.9 70.9 4:00p 48.3 12:55a 7.9 0.8 0.00 1.2 12.0 3:55p N 22 61.0 77.2 3:50p 46.5 6:35a 7.2 3.2 0.00 1.4 17.0 5:05p N 23 65.7 78.1 4:00p 57.2 6:05a 3.1 3.8 0.00 1.6 17.0 3:45p N 24 66.8 84.5 3:25p 51.4 6:30a 4.5 6.3 0.00 1.4 13.0 4:05p N 25 67.6 84.5 3:35p 54.1 6:10a 3.6 6.1 0.00 1.2 12.0 4:25p N 26 62.7 76.1 2:45p 49.6 6:30a 5.5 3.2 0.00 1.3 12.0 3:10p N 27 63.0 77.6 4:50p 48.8 5:40a 5.9 3.9 0.00 1.6 16.0 1:25p N 28 67.6 84.5 4:15p 54.5 6:35a 3.3 5.9 0.00 1.3 13.0 4:40p N 29 62.9 71.6 4:15p 56.3 3:55a 3.8 1.6 0.00 1.2 12.0 1:50p NE 30 61.7 75.6 2:45p 52.2 4:05a 5.7 2.4 0.00 1.6 18.0 5:30p N ------------------------------------------------------------------------------------- 58.1 84.5 24 37.6 7 253.2 46.6 2.58 1.3 22.0 5 N Max >= 90.0: 0 Max <= 32.0: 0 Min <= 32.0: 0 Min <= 0.0: 0 Max Rain: 1.41 ON 04/05/20 Days of Rain: 4 (>.01 in) 3 (>.1 in) 1 (>1 in) Heat Base: 65.0 Cool Base: 65.0 Method: Integration

Downloads .. please customize for your directory and file naming convention ( WL or VWS).
Download WeatherLink/ VWS version (V1.07 - 11-Aug-2017) [ see version history ]

deformed-offering