They're free, but use at your own risk
The scripts referenced here are used in the operation of this weather station, and may be freely copied and used to support your station. Please note that you use these scripts at your own risk. No warranty is expressed or implied. I accept no liability for any damages that may ensue from their use.
You will need to configure them for your own particular weather station website.
A RSS Feed is available to help keep you informed on updates to the scripts.
Many of these scripts are now available on GitHub at https://github.com/ktrue
A Version History is available -- check back from time to time to see if there are updates to scripts you have downloaded earlier.
Announcements of version updates and new scripts are made on
WXForum.net and
Weather-Watch forums
and saratogaWXPHP Twitter account as they become available.
Note: Twitter widget has been disabled 3-Jul-2023 since it no longer displays the recent update Tweets.
This page was updated
Friday, 11-Aug-2017 10:11 AM
PHP Scripts (run on webserver)
These scripts have run on PHP 4.1.2, and PHP 4.4.1. I don't have access to PHP 3.x, so it is not known if they will work on versions below PHP 4.1.2. If you try them and they work (or not) on earlier versions of PHP, please send me a message at webmaster[at]saratoga-weather.org and let me know the results.
Display .TXT NOAA style forecasts PHP
I needed to safely display a series of .TXT files (NOAA style climate reports) using the overall style of the website. My WeatherLink software produces regular reports (NOAAMO.TXT, NOAAPRMO.TXT, NOAAYR.TXT, NOAAPRYR.TXT) as part of the 5-minute update. I've also produced reports and named them NOAAyyyy.TXT for yearly reports and NOAAyyyy-mm.TXT for monthly reports. These I've uploaded (monthly) to a sub-directory on the website /NOAA-reports.
Version 1.04 (01-Dec-2007) adds a new feature for WeatherLink users to create new NOAAyyyy-mm.TXT and NOAAyyyy.TXT files from the respective NOAAPRMO.TXT and NOAAPRYR.TXT files when the month/year rolls over. It will copy the appropriate file to the $NOAAdir and name it so you have no monthly maintenance to do (except to view the NOAA reports page on the first of each month).
The NOAA-reports.php will read the sub-directory, sort the filenames produce a menu of available names, and display the file requested. It automatically uses NOAAMO.TXT and NOAAYR.TXT (WeatherLink version) for the current monthly and current yearly files. The nice thing about the script is it strictly controls what can be displayed (existing files only, no directory browsing). The following is a live display of WeatherLink produced NOAA style reports for this station.
<?php $doInclude = true; require("NOAA-reports-test.php"); ?>
2024: Jan | Feb | Mar | Apr | May | Jun | Jul | Aug | Sep | Oct | Nov | Dec
2023: Jan | Feb | Mar | Apr | May | Jun | Jul | Aug | Sep | Oct | Nov | Dec
2022: Jan | Feb | Mar | Apr | May | Jun | Jul | Aug | Sep | Oct | Nov | Dec
2021: Jan | Feb | Mar | Apr | May | Jun | Jul | Aug | Sep | Oct | Nov | Dec
2020: Jan | Feb | Mar | Apr | May | Jun | Jul | Aug | Sep | Oct | Nov | Dec
2019: Jan | Feb | Mar | Apr | May | Jun | Jul | Aug | Sep | Oct | Nov | Dec
2018: Jan | Feb | Mar | Apr | May | Jun | Jul | Aug | Sep | Oct | Nov | Dec
2017: Jan | Feb | Mar | Apr | May | Jun | Jul | Aug | Sep | Oct | Nov | Dec
2016: Jan | Feb | Mar | Apr | May | Jun | Jul | Aug | Sep | Oct | Nov | Dec
2015: Jan | Feb | Mar | Apr | May | Jun | Jul | Aug | Sep | Oct | Nov | Dec
2014: Jan | Feb | Mar | Apr | May | Jun | Jul | Aug | Sep | Oct | Nov | Dec
2013: Jan | Feb | Mar | Apr | May | Jun | Jul | Aug | Sep | Oct | Nov | Dec
2012: Jan | Feb | Mar | Apr | May | Jun | Jul | Aug | Sep | Oct | Nov | Dec
2011: Jan | Feb | Mar | Apr | May | Jun | Jul | Aug | Sep | Oct | Nov | Dec
2010: Jan | Feb | Mar | Apr | May | Jun | Jul | Aug | Sep | Oct | Nov | Dec
2009: Jan | Feb | Mar | Apr | May | Jun | Jul | Aug | Sep | Oct | Nov | Dec
2008: Jan | Feb | Mar | Apr | May | Jun | Jul | Aug | Sep | Oct | Nov | Dec
2007: Jan | Feb | Mar | Apr | May | Jun | Jul | Aug | Sep | Oct | Nov | Dec
2006: Jan | Feb | Mar | Apr | May | Jun | Jul | Aug | Sep | Oct | Nov | Dec
2005: Jan | Feb | Mar | Apr | May | Jun | Jul | Aug | Sep | Oct | Nov | Dec
2004: Jan | Feb | Mar | Apr | May | Jun | Jul | Aug | Sep | Oct | Nov | Dec
Report for 2019 02
MONTHLY CLIMATOLOGICAL SUMMARY for FEB. 2019
NAME: KCASARAT1 CITY: Saratoga STATE: CA
ELEV: 375 ft LAT: 37° 16' 28" N LONG: 122° 01' 23" W
TEMPERATURE (°F), RAIN (in), WIND SPEED (mph)
HEAT COOL AVG
MEAN DEG DEG WIND DOM
DAY TEMP HIGH TIME LOW TIME DAYS DAYS RAIN SPEED HIGH TIME DIR
------------------------------------------------------------------------------------
1 54.1 58.0 1:35p 49.4 7:20a 10.9 0.0 0.41 2.4 20.0 3:00p ESE
2 52.2 57.6 12:20p 48.0 9:15p 12.8 0.0 2.56 3.9 30.0 5:55p SSE
3 52.6 58.4 12:00p 49.1 12:00m 12.4 0.0 0.32 2.2 21.0 1:15p E
4 46.3 51.0 11:40a 40.8 11:50p 18.6 0.0 1.52 1.3 16.0 12:20a W
5 41.4 48.5 2:20p 36.8 6:05a 23.6 0.0 0.10 1.1 13.0 3:55p NW
6 42.8 53.2 1:35p 33.5 5:55a 22.2 0.0 0.00 0.8 11.0 12:35p N
7 43.8 55.7 2:30p 33.1 7:20a 21.2 0.0 0.00 0.5 13.0 1:00p ENE
8 44.5 53.2 11:15a 38.2 5:05a 20.5 0.0 0.33 0.6 16.0 11:30a ESE
9 46.0 55.1 1:35p 37.0 7:10a 19.0 0.0 0.53 1.0 16.0 9:30p SSW
10 43.4 51.0 2:25p 36.9 11:00p 21.6 0.0 0.33 1.8 18.0 1:05p NW
11 42.4 53.3 1:25p 34.6 2:05a 22.5 0.0 0.00 0.4 8.0 11:10a ENE
12 45.1 52.2 5:25p 35.5 4:15a 19.9 0.0 0.15 1.9 29.0 10:05p ESE
13 54.0 60.2 7:50p 46.2 7:10a 11.0 0.0 2.37 5.9 37.0 2:40p S
14 53.9 60.7 3:35a 47.7 8:05p 11.1 0.0 2.22 2.9 31.0 3:45a S
15 45.8 53.3 11:05a 40.6 11:00p 19.2 0.0 0.39 0.6 14.0 2:40a W
16 46.1 54.5 1:15p 41.3 12:00m 18.9 0.0 0.44 1.6 18.0 12:30p W
17 44.9 52.9 2:20p 37.5 12:00m 20.1 0.0 0.23 2.1 19.0 1:35p NW
18 42.3 53.9 3:05p 32.7 7:00a 22.7 0.0 0.00 1.6 17.0 4:10p N
19 43.9 55.7 2:35p 31.9 7:10a 21.1 0.0 0.00 1.2 13.0 4:25p N
20 49.2 56.5 3:30p 42.8 12:00m 15.8 0.0 0.00 2.8 20.0 12:05p NW
21 46.9 54.4 2:35p 40.1 7:20a 18.1 0.0 0.00 3.6 20.0 1:00p NW
22 43.2 55.3 2:25p 32.5 5:40a 21.8 0.0 0.00 0.9 10.0 8:35a N
23 45.5 59.2 2:35p 32.1 6:00a 19.5 0.0 0.00 0.7 11.0 3:40p N
24 50.7 61.8 2:30p 42.6 12:05a 14.3 0.0 0.00 0.8 12.0 1:10p NE
25 51.5 55.0 12:35p 45.7 5:45a 13.5 0.0 0.00 2.6 21.0 3:50p ESE
26 53.1 60.1 1:15p 50.4 5:30a 11.9 0.0 0.45 5.1 26.0 2:05p ESE
27 55.6 59.6 2:05p 52.5 1:00a 9.4 0.0 0.70 2.7 24.0 1:20a ESE
28 51.6 59.0 4:00p 44.6 12:00m 13.4 0.0 0.10 0.4 11.0 5:50p NW
-------------------------------------------------------------------------------------
47.6 61.8 24 31.9 19 487.0 0.0 13.15 1.9 37.0 13 ESE
Max >= 90.0: 0
Max <= 32.0: 0
Min <= 32.0: 1
Min <= 0.0: 0
Max Rain: 2.56 ON 02/02/19
Days of Rain: 17 (>.01 in) 15 (>.1 in) 4 (>1 in)
Heat Base: 65.0 Cool Base: 65.0 Method: Integration
Downloads .. please customize for your directory and file naming convention ( WL or VWS).
Download WeatherLink/ VWS version (V1.07 - 11-Aug-2017) [ see version history ]