They're free, but use at your own risk
The scripts referenced here are used in the operation of this weather station, and may be freely copied and used to support your station. Please note that you use these scripts at your own risk. No warranty is expressed or implied. I accept no liability for any damages that may ensue from their use.
You will need to configure them for your own particular weather station website.
A RSS Feed is available to help keep you informed on updates to the scripts.
Many of these scripts are now available on GitHub at https://github.com/ktrue
A Version History is available -- check back from time to time to see if there are updates to scripts you have downloaded earlier.
Announcements of version updates and new scripts are made on
WXForum.net and
Weather-Watch forums
and saratogaWXPHP Twitter account as they become available.
Note: Twitter widget has been disabled 3-Jul-2023 since it no longer displays the recent update Tweets.
This page was updated
Friday, 11-Aug-2017 10:11 AM
PHP Scripts (run on webserver)
These scripts have run on PHP 4.1.2, and PHP 4.4.1. I don't have access to PHP 3.x, so it is not known if they will work on versions below PHP 4.1.2. If you try them and they work (or not) on earlier versions of PHP, please send me a message at webmaster[at]saratoga-weather.org and let me know the results.
Display .TXT NOAA style forecasts PHP
I needed to safely display a series of .TXT files (NOAA style climate reports) using the overall style of the website. My WeatherLink software produces regular reports (NOAAMO.TXT, NOAAPRMO.TXT, NOAAYR.TXT, NOAAPRYR.TXT) as part of the 5-minute update. I've also produced reports and named them NOAAyyyy.TXT for yearly reports and NOAAyyyy-mm.TXT for monthly reports. These I've uploaded (monthly) to a sub-directory on the website /NOAA-reports.
Version 1.04 (01-Dec-2007) adds a new feature for WeatherLink users to create new NOAAyyyy-mm.TXT and NOAAyyyy.TXT files from the respective NOAAPRMO.TXT and NOAAPRYR.TXT files when the month/year rolls over. It will copy the appropriate file to the $NOAAdir and name it so you have no monthly maintenance to do (except to view the NOAA reports page on the first of each month).
The NOAA-reports.php will read the sub-directory, sort the filenames produce a menu of available names, and display the file requested. It automatically uses NOAAMO.TXT and NOAAYR.TXT (WeatherLink version) for the current monthly and current yearly files. The nice thing about the script is it strictly controls what can be displayed (existing files only, no directory browsing). The following is a live display of WeatherLink produced NOAA style reports for this station.
<?php $doInclude = true; require("NOAA-reports-test.php"); ?>
2024: Jan | Feb | Mar | Apr | May | Jun | Jul | Aug | Sep | Oct | Nov | Dec
2023: Jan | Feb | Mar | Apr | May | Jun | Jul | Aug | Sep | Oct | Nov | Dec
2022: Jan | Feb | Mar | Apr | May | Jun | Jul | Aug | Sep | Oct | Nov | Dec
2021: Jan | Feb | Mar | Apr | May | Jun | Jul | Aug | Sep | Oct | Nov | Dec
2020: Jan | Feb | Mar | Apr | May | Jun | Jul | Aug | Sep | Oct | Nov | Dec
2019: Jan | Feb | Mar | Apr | May | Jun | Jul | Aug | Sep | Oct | Nov | Dec
2018: Jan | Feb | Mar | Apr | May | Jun | Jul | Aug | Sep | Oct | Nov | Dec
2017: Jan | Feb | Mar | Apr | May | Jun | Jul | Aug | Sep | Oct | Nov | Dec
2016: Jan | Feb | Mar | Apr | May | Jun | Jul | Aug | Sep | Oct | Nov | Dec
2015: Jan | Feb | Mar | Apr | May | Jun | Jul | Aug | Sep | Oct | Nov | Dec
2014: Jan | Feb | Mar | Apr | May | Jun | Jul | Aug | Sep | Oct | Nov | Dec
2013: Jan | Feb | Mar | Apr | May | Jun | Jul | Aug | Sep | Oct | Nov | Dec
2012: Jan | Feb | Mar | Apr | May | Jun | Jul | Aug | Sep | Oct | Nov | Dec
2011: Jan | Feb | Mar | Apr | May | Jun | Jul | Aug | Sep | Oct | Nov | Dec
2010: Jan | Feb | Mar | Apr | May | Jun | Jul | Aug | Sep | Oct | Nov | Dec
2009: Jan | Feb | Mar | Apr | May | Jun | Jul | Aug | Sep | Oct | Nov | Dec
2008: Jan | Feb | Mar | Apr | May | Jun | Jul | Aug | Sep | Oct | Nov | Dec
2007: Jan | Feb | Mar | Apr | May | Jun | Jul | Aug | Sep | Oct | Nov | Dec
2006: Jan | Feb | Mar | Apr | May | Jun | Jul | Aug | Sep | Oct | Nov | Dec
2005: Jan | Feb | Mar | Apr | May | Jun | Jul | Aug | Sep | Oct | Nov | Dec
2004: Jan | Feb | Mar | Apr | May | Jun | Jul | Aug | Sep | Oct | Nov | Dec
Report for 2018 01
MONTHLY CLIMATOLOGICAL SUMMARY for JAN. 2018
NAME: KCASARAT1 CITY: Saratoga STATE: CA
ELEV: 375 ft LAT: 37° 16' 28" N LONG: 122° 01' 23" W
TEMPERATURE (°F), RAIN (in), WIND SPEED (mph)
HEAT COOL AVG
MEAN DEG DEG WIND DOM
DAY TEMP HIGH TIME LOW TIME DAYS DAYS RAIN SPEED HIGH TIME DIR
------------------------------------------------------------------------------------
1 49.8 61.6 2:30p 40.8 6:45a 15.1 0.0 0.00 0.6 10.0 1:25p N
2 51.4 61.0 3:35p 45.7 3:00a 13.6 0.0 0.00 0.1 4.0 1:50p NNE
3 51.0 55.3 11:05p 45.7 5:20a 14.0 0.0 0.25 0.6 13.0 2:05p E
4 58.7 66.3 1:50p 53.2 3:50a 6.4 0.1 0.01 2.7 17.0 4:35p ESE
5 59.2 66.6 1:25p 54.2 11:55p 5.9 0.1 0.10 2.2 14.0 9:35a ESE
6 52.5 58.3 3:15p 44.6 11:55p 12.5 0.0 0.07 0.5 11.0 11:10a N
7 48.7 55.1 3:15p 41.6 5:00a 16.3 0.0 0.01 0.3 5.0 10:45a N
8 54.8 59.0 2:55p 50.7 12:10a 10.2 0.0 2.01 1.0 10.0 2:15p E
9 55.2 57.5 12:05a 49.2 11:20p 9.8 0.0 0.78 1.0 13.0 5:30p W
10 50.6 56.6 1:50p 42.2 6:05a 14.4 0.0 0.00 0.9 12.0 11:45a E
11 54.6 63.4 3:00p 48.6 7:05a 10.4 0.0 0.00 0.5 7.0 11:25a NW
12 52.8 60.7 1:55p 47.1 5:35a 12.1 0.0 0.00 1.1 12.0 12:50p W
13 50.5 62.4 2:55p 42.3 6:50a 14.5 0.0 0.00 0.5 7.0 12:10p N
14 49.3 58.9 3:50p 41.5 6:10a 15.7 0.0 0.00 0.4 12.0 11:20p NNE
15 52.7 64.2 3:45p 45.2 3:45a 12.3 0.0 0.00 0.3 8.0 3:35p NNW
16 56.5 64.3 1:40p 50.2 7:35a 8.5 0.0 0.00 0.5 8.0 2:10p NW
17 55.7 60.9 4:00p 49.8 11:50p 9.3 0.0 0.00 0.3 8.0 12:20p NW
18 54.6 65.6 2:25p 46.7 7:40a 10.4 0.0 0.02 1.0 12.0 11:55a NW
19 48.3 54.7 12:45p 41.1 12:00m 16.7 0.0 0.02 0.9 13.0 2:50p WNW
20 44.3 55.4 3:35p 36.3 6:10a 20.7 0.0 0.00 1.0 12.0 2:30p N
21 46.1 58.1 2:50p 35.8 7:45a 18.9 0.0 0.00 0.7 8.0 12:05p SSW
22 51.5 57.0 2:10p 44.6 9:35p 13.5 0.0 0.02 1.5 11.0 5:50a ESE
23 49.1 59.0 3:40p 42.8 11:55p 15.9 0.0 0.00 0.4 7.0 12:20p E
24 48.4 61.3 1:30p 39.9 5:25a 16.6 0.0 0.47 1.3 17.0 2:15p E
25 46.4 53.1 2:55p 41.3 5:20a 18.6 0.0 0.17 0.7 16.0 12:35p SSW
26 46.3 55.4 2:35p 39.3 7:30a 18.7 0.0 0.01 0.8 8.0 11:00a N
27 48.3 60.5 2:40p 38.2 7:00a 16.7 0.0 0.00 1.4 16.0 3:00p NW
28 54.0 66.8 4:05p 45.1 1:55a 11.2 0.1 0.00 1.7 12.0 9:35a WNW
29 50.1 62.0 4:05p 41.1 6:45a 14.9 0.0 0.00 0.4 8.0 11:55a NNW
30 51.6 66.1 4:45p 41.5 7:25a 13.4 0.1 0.00 0.6 8.0 12:05p N
31 52.6 68.8 3:05p 41.1 7:05a 12.9 0.4 0.00 1.0 12.0 3:15p SW
-------------------------------------------------------------------------------------
51.5 68.8 31 35.8 21 420.1 0.8 3.94 0.9 17.0 4 N
Max >= 90.0: 0
Max <= 32.0: 0
Min <= 32.0: 0
Min <= 0.0: 0
Max Rain: 2.01 ON 01/08/18
Days of Rain: 10 (>.01 in) 5 (>.1 in) 1 (>1 in)
Heat Base: 65.0 Cool Base: 65.0 Method: Integration
Downloads .. please customize for your directory and file naming convention ( WL or VWS).
Download WeatherLink/ VWS version (V1.07 - 11-Aug-2017) [ see version history ]