They're free, but use at your own risk
The scripts referenced here are used in the operation of this weather station, and may be freely copied and used to support your station. Please note that you use these scripts at your own risk. No warranty is expressed or implied. I accept no liability for any damages that may ensue from their use.
You will need to configure them for your own particular weather station website.
A RSS Feed is available to help keep you informed on updates to the scripts.
Many of these scripts are now available on GitHub at https://github.com/ktrue
A Version History is available -- check back from time to time to see if there are updates to scripts you have downloaded earlier.
Announcements of version updates and new scripts are made on
WXForum.net and
Weather-Watch forums
and saratogaWXPHP Twitter account as they become available.
Note: Twitter widget has been disabled 3-Jul-2023 since it no longer displays the recent update Tweets.
This page was updated
Friday, 11-Aug-2017 10:11 AM
PHP Scripts (run on webserver)
These scripts have run on PHP 4.1.2, and PHP 4.4.1. I don't have access to PHP 3.x, so it is not known if they will work on versions below PHP 4.1.2. If you try them and they work (or not) on earlier versions of PHP, please send me a message at webmaster[at]saratoga-weather.org and let me know the results.
Display .TXT NOAA style forecasts PHP
I needed to safely display a series of .TXT files (NOAA style climate reports) using the overall style of the website. My WeatherLink software produces regular reports (NOAAMO.TXT, NOAAPRMO.TXT, NOAAYR.TXT, NOAAPRYR.TXT) as part of the 5-minute update. I've also produced reports and named them NOAAyyyy.TXT for yearly reports and NOAAyyyy-mm.TXT for monthly reports. These I've uploaded (monthly) to a sub-directory on the website /NOAA-reports.
Version 1.04 (01-Dec-2007) adds a new feature for WeatherLink users to create new NOAAyyyy-mm.TXT and NOAAyyyy.TXT files from the respective NOAAPRMO.TXT and NOAAPRYR.TXT files when the month/year rolls over. It will copy the appropriate file to the $NOAAdir and name it so you have no monthly maintenance to do (except to view the NOAA reports page on the first of each month).
The NOAA-reports.php will read the sub-directory, sort the filenames produce a menu of available names, and display the file requested. It automatically uses NOAAMO.TXT and NOAAYR.TXT (WeatherLink version) for the current monthly and current yearly files. The nice thing about the script is it strictly controls what can be displayed (existing files only, no directory browsing). The following is a live display of WeatherLink produced NOAA style reports for this station.
<?php $doInclude = true; require("NOAA-reports-test.php"); ?>
2024: Jan | Feb | Mar | Apr | May | Jun | Jul | Aug | Sep | Oct | Nov | Dec
2023: Jan | Feb | Mar | Apr | May | Jun | Jul | Aug | Sep | Oct | Nov | Dec
2022: Jan | Feb | Mar | Apr | May | Jun | Jul | Aug | Sep | Oct | Nov | Dec
2021: Jan | Feb | Mar | Apr | May | Jun | Jul | Aug | Sep | Oct | Nov | Dec
2020: Jan | Feb | Mar | Apr | May | Jun | Jul | Aug | Sep | Oct | Nov | Dec
2019: Jan | Feb | Mar | Apr | May | Jun | Jul | Aug | Sep | Oct | Nov | Dec
2018: Jan | Feb | Mar | Apr | May | Jun | Jul | Aug | Sep | Oct | Nov | Dec
2017: Jan | Feb | Mar | Apr | May | Jun | Jul | Aug | Sep | Oct | Nov | Dec
2016: Jan | Feb | Mar | Apr | May | Jun | Jul | Aug | Sep | Oct | Nov | Dec
2015: Jan | Feb | Mar | Apr | May | Jun | Jul | Aug | Sep | Oct | Nov | Dec
2014: Jan | Feb | Mar | Apr | May | Jun | Jul | Aug | Sep | Oct | Nov | Dec
2013: Jan | Feb | Mar | Apr | May | Jun | Jul | Aug | Sep | Oct | Nov | Dec
2012: Jan | Feb | Mar | Apr | May | Jun | Jul | Aug | Sep | Oct | Nov | Dec
2011: Jan | Feb | Mar | Apr | May | Jun | Jul | Aug | Sep | Oct | Nov | Dec
2010: Jan | Feb | Mar | Apr | May | Jun | Jul | Aug | Sep | Oct | Nov | Dec
2009: Jan | Feb | Mar | Apr | May | Jun | Jul | Aug | Sep | Oct | Nov | Dec
2008: Jan | Feb | Mar | Apr | May | Jun | Jul | Aug | Sep | Oct | Nov | Dec
2007: Jan | Feb | Mar | Apr | May | Jun | Jul | Aug | Sep | Oct | Nov | Dec
2006: Jan | Feb | Mar | Apr | May | Jun | Jul | Aug | Sep | Oct | Nov | Dec
2005: Jan | Feb | Mar | Apr | May | Jun | Jul | Aug | Sep | Oct | Nov | Dec
2004: Jan | Feb | Mar | Apr | May | Jun | Jul | Aug | Sep | Oct | Nov | Dec
Report for 2016 08
MONTHLY CLIMATOLOGICAL SUMMARY for AUG. 2016
NAME: KCASARAT1 CITY: Saratoga STATE: CA
ELEV: 375 ft LAT: 37° 16' 28" N LONG: 122° 01' 23" W
TEMPERATURE (°F), RAIN (in), WIND SPEED (mph)
HEAT COOL AVG
MEAN DEG DEG WIND DOM
DAY TEMP HIGH TIME LOW TIME DAYS DAYS RAIN SPEED HIGH TIME DIR
------------------------------------------------------------------------------------
1 70.9 90.8 1:50p 61.4 7:10a 1.1 7.0 0.00 0.2 5.0 2:40p NNW
2 72.0 93.3 2:45p 60.2 6:20a 1.5 8.5 0.00 0.1 4.0 11:10a N
3 70.7 93.5 2:10p 55.9 4:20a 2.5 8.1 0.00 0.1 5.0 4:00p NNE
4 66.3 84.3 1:40p 57.7 1:45a 3.0 4.3 0.00 0.2 6.0 3:35p N
5 68.2 88.1 2:15p 58.8 6:45a 2.4 5.6 0.00 0.2 6.0 3:05p N
6 67.5 85.8 2:15p 57.3 12:00m 2.5 4.9 0.00 0.2 5.0 10:25a N
7 66.3 89.4 2:45p 50.3 6:50a 4.9 6.2 0.00 0.2 4.0 12:55p NNE
8 67.5 91.3 2:30p 48.0 10:50p 4.5 6.9 0.00 0.2 4.0 12:55p NNE
9 63.4 83.0 4:25p 20.8 3:15a 6.1 4.5 0.00 1.0 13.0 4:20p NNW
10 67.1 85.1 2:20p 12.8 2:25a 3.7 5.9 0.00 1.2 12.0 1:20p N
11 68.0 91.5 2:30p -79.5 7:05a 4.1 7.0 0.00 0.2 5.0 2:25p NNE
12 71.1 90.6 2:45p 58.0 3:30a 2.0 8.1 0.00 0.6 10.0 3:55p NE
13 73.4 94.9 2:30p 58.3 5:15a 1.9 10.3 0.00 1.1 10.0 2:10p NNW
14 71.7 90.5 3:00p 58.3 5:55a 1.6 8.3 0.00 1.4 11.0 2:15p NNW
15 69.7 88.6 1:55p 60.0 3:45a 1.9 6.7 0.00 1.6 12.0 2:20p NE
16 70.7 90.4 2:15p 58.7 1:25a 2.0 7.8 0.00 1.5 11.0 2:15p NNW
17 71.5 91.8 2:15p 59.0 2:30a 1.7 8.2 0.00 1.5 12.0 2:50p NE
18 71.3 87.3 1:45p 61.9 5:25a 0.9 7.3 0.00 1.6 11.0 1:55p E
19 69.1 83.6 2:45p 59.1 7:15a 1.5 5.6 0.00 1.7 11.0 2:25p NE
20 68.3 83.7 2:30p 59.5 3:25a 1.8 5.1 0.00 1.6 11.0 2:40p NNW
21 68.1 85.0 2:05p 61.4 12:25a 1.7 4.7 0.00 1.8 13.0 3:55p NNW
22 63.2 75.3 4:45p 59.1 3:50a 2.0 0.8 0.00 0.6 8.0 4:55p N
23 67.4 81.3 2:35p 60.3 12:00m 1.8 4.2 0.00 1.2 12.0 3:30p NNW
24 66.1 80.3 3:00p 58.2 1:55a 2.7 3.8 0.00 1.1 13.0 4:40p N
25 65.7 77.0 2:50p 58.6 6:25a 2.4 3.1 0.00 1.3 13.0 3:50p N
26 66.4 80.7 3:45p 56.1 2:55a 2.9 4.3 0.00 1.1 11.0 4:40p ESE
27 65.0 77.6 2:05p 55.5 3:10a 3.1 3.1 0.00 1.4 13.0 2:45p N
28 66.6 79.0 3:05p 60.1 11:20p 1.9 3.5 0.00 1.7 12.0 4:15p N
29 65.4 75.8 3:35p 59.1 12:00m 2.3 2.6 0.00 1.9 12.0 3:20p N
30 67.0 81.4 2:00p 54.0 6:40a 3.2 5.2 0.00 1.6 13.0 2:15p N
31 66.0 77.8 4:00p 54.7 6:55a 2.8 3.8 0.00 1.6 12.0 2:25p N
-------------------------------------------------------------------------------------
68.1 94.9 13 -79.5 11 78.4 175.4 0.00 1.0 13.0 9 N
Max >= 90.0: 10
Max <= 32.0: 0
Min <= 32.0: 3
Min <= 0.0: 1
Max Rain: 0.00 ON 08/01/16
Days of Rain: 0 (>.01 in) 0 (>.1 in) 0 (>1 in)
Heat Base: 65.0 Cool Base: 65.0 Method: Integration
Downloads .. please customize for your directory and file naming convention ( WL or VWS).
Download WeatherLink/ VWS version (V1.07 - 11-Aug-2017) [ see version history ]