They're free, but use at your own risk
The scripts referenced here are used in the operation of this weather station, and may be freely copied and used to support your station. Please note that you use these scripts at your own risk. No warranty is expressed or implied. I accept no liability for any damages that may ensue from their use.
You will need to configure them for your own particular weather station website.
A RSS Feed is available to help keep you informed on updates to the scripts.
Many of these scripts are now available on GitHub at https://github.com/ktrue
A Version History is available -- check back from time to time to see if there are updates to scripts you have downloaded earlier.
Announcements of version updates and new scripts are made on
WXForum.net and
Weather-Watch forums
and saratogaWXPHP Twitter account as they become available.
Note: Twitter widget has been disabled 3-Jul-2023 since it no longer displays the recent update Tweets.
This page was updated
Friday, 11-Aug-2017 10:11 AM
PHP Scripts (run on webserver)
These scripts have run on PHP 4.1.2, and PHP 4.4.1. I don't have access to PHP 3.x, so it is not known if they will work on versions below PHP 4.1.2. If you try them and they work (or not) on earlier versions of PHP, please send me a message at webmaster[at]saratoga-weather.org and let me know the results.
Display .TXT NOAA style forecasts PHP
I needed to safely display a series of .TXT files (NOAA style climate reports) using the overall style of the website. My WeatherLink software produces regular reports (NOAAMO.TXT, NOAAPRMO.TXT, NOAAYR.TXT, NOAAPRYR.TXT) as part of the 5-minute update. I've also produced reports and named them NOAAyyyy.TXT for yearly reports and NOAAyyyy-mm.TXT for monthly reports. These I've uploaded (monthly) to a sub-directory on the website /NOAA-reports.
Version 1.04 (01-Dec-2007) adds a new feature for WeatherLink users to create new NOAAyyyy-mm.TXT and NOAAyyyy.TXT files from the respective NOAAPRMO.TXT and NOAAPRYR.TXT files when the month/year rolls over. It will copy the appropriate file to the $NOAAdir and name it so you have no monthly maintenance to do (except to view the NOAA reports page on the first of each month).
The NOAA-reports.php will read the sub-directory, sort the filenames produce a menu of available names, and display the file requested. It automatically uses NOAAMO.TXT and NOAAYR.TXT (WeatherLink version) for the current monthly and current yearly files. The nice thing about the script is it strictly controls what can be displayed (existing files only, no directory browsing). The following is a live display of WeatherLink produced NOAA style reports for this station.
<?php $doInclude = true; require("NOAA-reports-test.php"); ?>
2024: Jan | Feb | Mar | Apr | May | Jun | Jul | Aug | Sep | Oct | Nov | Dec
2023: Jan | Feb | Mar | Apr | May | Jun | Jul | Aug | Sep | Oct | Nov | Dec
2022: Jan | Feb | Mar | Apr | May | Jun | Jul | Aug | Sep | Oct | Nov | Dec
2021: Jan | Feb | Mar | Apr | May | Jun | Jul | Aug | Sep | Oct | Nov | Dec
2020: Jan | Feb | Mar | Apr | May | Jun | Jul | Aug | Sep | Oct | Nov | Dec
2019: Jan | Feb | Mar | Apr | May | Jun | Jul | Aug | Sep | Oct | Nov | Dec
2018: Jan | Feb | Mar | Apr | May | Jun | Jul | Aug | Sep | Oct | Nov | Dec
2017: Jan | Feb | Mar | Apr | May | Jun | Jul | Aug | Sep | Oct | Nov | Dec
2016: Jan | Feb | Mar | Apr | May | Jun | Jul | Aug | Sep | Oct | Nov | Dec
2015: Jan | Feb | Mar | Apr | May | Jun | Jul | Aug | Sep | Oct | Nov | Dec
2014: Jan | Feb | Mar | Apr | May | Jun | Jul | Aug | Sep | Oct | Nov | Dec
2013: Jan | Feb | Mar | Apr | May | Jun | Jul | Aug | Sep | Oct | Nov | Dec
2012: Jan | Feb | Mar | Apr | May | Jun | Jul | Aug | Sep | Oct | Nov | Dec
2011: Jan | Feb | Mar | Apr | May | Jun | Jul | Aug | Sep | Oct | Nov | Dec
2010: Jan | Feb | Mar | Apr | May | Jun | Jul | Aug | Sep | Oct | Nov | Dec
2009: Jan | Feb | Mar | Apr | May | Jun | Jul | Aug | Sep | Oct | Nov | Dec
2008: Jan | Feb | Mar | Apr | May | Jun | Jul | Aug | Sep | Oct | Nov | Dec
2007: Jan | Feb | Mar | Apr | May | Jun | Jul | Aug | Sep | Oct | Nov | Dec
2006: Jan | Feb | Mar | Apr | May | Jun | Jul | Aug | Sep | Oct | Nov | Dec
2005: Jan | Feb | Mar | Apr | May | Jun | Jul | Aug | Sep | Oct | Nov | Dec
2004: Jan | Feb | Mar | Apr | May | Jun | Jul | Aug | Sep | Oct | Nov | Dec
Report for 2015 03
MONTHLY CLIMATOLOGICAL SUMMARY for MAR. 2015
NAME: KCASARAT1 CITY: Saratoga STATE: CA
ELEV: 375 ft LAT: 37° 16' 28" N LONG: 122° 01' 23" W
TEMPERATURE (°F), RAIN (in), WIND SPEED (mph)
HEAT COOL AVG
MEAN DEG DEG WIND DOM
DAY TEMP HIGH TIME LOW TIME DAYS DAYS RAIN SPEED HIGH TIME DIR
------------------------------------------------------------------------------------
1 51.2 66.0 1:45p 40.5 6:45a 13.8 0.0 0.01 0.6 11.0 10:35a NNW
2 49.1 63.5 1:15p 39.6 5:55a 15.9 0.0 0.04 0.3 11.0 11:35a SSW
3 52.2 66.9 3:10p 40.3 6:35a 12.9 0.1 0.01 0.6 12.0 2:45p NNW
4 54.1 70.3 12:15p 39.1 6:25a 11.9 1.0 0.00 0.4 10.0 2:55p NNW
5 57.5 74.7 1:45p 41.9 6:35a 9.8 2.3 0.00 0.3 10.0 3:20p WNW
6 57.1 77.4 3:45p 40.3 6:40a 10.2 2.3 0.00 0.5 10.0 11:55a NNW
7 59.5 79.4 2:25p 42.1 6:50a 9.2 3.7 0.00 0.3 10.0 12:50p NNE
8 57.9 77.6 4:10p 44.3 5:00a 9.1 2.2 0.00 0.3 10.0 4:10p NNW
9 59.6 77.2 3:30p 47.3 1:30a 8.0 2.7 0.00 0.2 8.0 1:55p N
10 58.2 81.4 2:55p 46.2 5:00a 8.4 1.7 0.01 0.2 12.0 3:35p N
11 59.0 70.8 1:15p 51.0 12:00m 6.8 0.7 0.08 0.4 11.0 4:35p NW
12 59.9 76.1 4:00p 46.8 7:50a 7.7 2.7 0.01 0.6 10.0 9:35a NNW
13 64.0 80.9 3:55p 47.9 6:05a 5.7 4.7 0.00 0.2 7.0 6:00p NNW
14 71.1 93.2 2:50p 52.5 7:45a 3.4 9.5 0.00 0.7 16.0 4:40p S
15 68.0 84.5 2:45p 53.3 12:00m 1.9 4.9 0.00 0.7 12.0 12:10a ESE
16 61.2 75.4 4:05p 51.0 6:55a 5.9 2.1 0.00 0.4 11.0 5:25p NNW
17 60.8 72.3 3:25p 51.0 12:00m 5.5 1.3 0.00 0.7 12.0 4:10p N
18 59.1 77.4 3:20p 44.5 7:15a 8.8 2.9 0.00 0.6 11.0 4:35p N
19 62.6 84.1 3:25p 44.9 7:10a 7.8 5.4 0.00 0.4 11.0 4:10p NNW
20 58.9 75.4 1:00p 45.7 6:50a 8.2 2.1 0.00 0.3 11.0 2:30p N
21 59.8 77.6 2:05p 47.0 5:45a 7.8 2.6 0.00 0.4 10.0 3:10p NNW
22 60.0 74.9 2:50p 51.9 3:35a 6.3 1.3 0.02 0.5 12.0 6:05p W
23 57.8 68.9 4:45p 50.8 7:50a 7.7 0.5 0.04 0.8 14.0 4:20p NNW
24 58.0 70.1 2:40p 46.4 4:15a 7.6 0.6 0.00 0.7 12.0 1:30p NNW
25 61.6 78.8 3:10p 46.8 6:55a 7.1 3.7 0.00 0.6 13.0 3:20p N
26 67.2 89.0 4:15p 48.9 7:25a 5.6 7.8 0.00 0.2 8.0 5:05p NNW
27 62.4 76.7 2:40p 51.1 6:30a 5.3 2.7 0.00 0.6 11.0 2:50p NNE
28 62.5 82.8 4:30p 46.1 6:40a 7.4 4.9 0.00 0.6 12.0 11:50a NNW
29 63.7 87.2 3:40p 44.6 6:55a 7.2 5.9 0.00 0.3 12.0 4:20p NNE
30 60.1 79.0 1:45p 45.8 6:55a 7.5 2.6 0.00 0.6 12.0 2:25p NNE
31 58.2 72.3 1:55p 46.0 6:35a 8.3 1.4 0.00 1.4 19.0 4:45p NNW
-------------------------------------------------------------------------------------
59.8 93.2 14 39.1 4 248.7 86.3 0.22 0.5 19.0 31 NNW
Max >= 90.0: 1
Max <= 32.0: 0
Min <= 32.0: 0
Min <= 0.0: 0
Max Rain: 0.08 ON 03/11/15
Days of Rain: 4 (>.01 in) 0 (>.1 in) 0 (>1 in)
Heat Base: 65.0 Cool Base: 65.0 Method: Integration
Downloads .. please customize for your directory and file naming convention ( WL or VWS).
Download WeatherLink/ VWS version (V1.07 - 11-Aug-2017) [ see version history ]