They're free, but use at your own risk
The scripts referenced here are used in the operation of this weather station, and may be freely copied and used to support your station. Please note that you use these scripts at your own risk. No warranty is expressed or implied. I accept no liability for any damages that may ensue from their use.
You will need to configure them for your own particular weather station website.
A RSS Feed is available to help keep you informed on updates to the scripts.
Many of these scripts are now available on GitHub at https://github.com/ktrue
A Version History is available -- check back from time to time to see if there are updates to scripts you have downloaded earlier.
Announcements of version updates and new scripts are made on
WXForum.net and
Weather-Watch forums
and saratogaWXPHP Twitter account as they become available.
Note: Twitter widget has been disabled 3-Jul-2023 since it no longer displays the recent update Tweets.
This page was updated
Friday, 11-Aug-2017 10:11 AM
PHP Scripts (run on webserver)
These scripts have run on PHP 4.1.2, and PHP 4.4.1. I don't have access to PHP 3.x, so it is not known if they will work on versions below PHP 4.1.2. If you try them and they work (or not) on earlier versions of PHP, please send me a message at webmaster[at]saratoga-weather.org and let me know the results.
Display .TXT NOAA style forecasts PHP
I needed to safely display a series of .TXT files (NOAA style climate reports) using the overall style of the website. My WeatherLink software produces regular reports (NOAAMO.TXT, NOAAPRMO.TXT, NOAAYR.TXT, NOAAPRYR.TXT) as part of the 5-minute update. I've also produced reports and named them NOAAyyyy.TXT for yearly reports and NOAAyyyy-mm.TXT for monthly reports. These I've uploaded (monthly) to a sub-directory on the website /NOAA-reports.
Version 1.04 (01-Dec-2007) adds a new feature for WeatherLink users to create new NOAAyyyy-mm.TXT and NOAAyyyy.TXT files from the respective NOAAPRMO.TXT and NOAAPRYR.TXT files when the month/year rolls over. It will copy the appropriate file to the $NOAAdir and name it so you have no monthly maintenance to do (except to view the NOAA reports page on the first of each month).
The NOAA-reports.php will read the sub-directory, sort the filenames produce a menu of available names, and display the file requested. It automatically uses NOAAMO.TXT and NOAAYR.TXT (WeatherLink version) for the current monthly and current yearly files. The nice thing about the script is it strictly controls what can be displayed (existing files only, no directory browsing). The following is a live display of WeatherLink produced NOAA style reports for this station.
<?php $doInclude = true; require("NOAA-reports-test.php"); ?>
2024: Jan | Feb | Mar | Apr | May | Jun | Jul | Aug | Sep | Oct | Nov | Dec
2023: Jan | Feb | Mar | Apr | May | Jun | Jul | Aug | Sep | Oct | Nov | Dec
2022: Jan | Feb | Mar | Apr | May | Jun | Jul | Aug | Sep | Oct | Nov | Dec
2021: Jan | Feb | Mar | Apr | May | Jun | Jul | Aug | Sep | Oct | Nov | Dec
2020: Jan | Feb | Mar | Apr | May | Jun | Jul | Aug | Sep | Oct | Nov | Dec
2019: Jan | Feb | Mar | Apr | May | Jun | Jul | Aug | Sep | Oct | Nov | Dec
2018: Jan | Feb | Mar | Apr | May | Jun | Jul | Aug | Sep | Oct | Nov | Dec
2017: Jan | Feb | Mar | Apr | May | Jun | Jul | Aug | Sep | Oct | Nov | Dec
2016: Jan | Feb | Mar | Apr | May | Jun | Jul | Aug | Sep | Oct | Nov | Dec
2015: Jan | Feb | Mar | Apr | May | Jun | Jul | Aug | Sep | Oct | Nov | Dec
2014: Jan | Feb | Mar | Apr | May | Jun | Jul | Aug | Sep | Oct | Nov | Dec
2013: Jan | Feb | Mar | Apr | May | Jun | Jul | Aug | Sep | Oct | Nov | Dec
2012: Jan | Feb | Mar | Apr | May | Jun | Jul | Aug | Sep | Oct | Nov | Dec
2011: Jan | Feb | Mar | Apr | May | Jun | Jul | Aug | Sep | Oct | Nov | Dec
2010: Jan | Feb | Mar | Apr | May | Jun | Jul | Aug | Sep | Oct | Nov | Dec
2009: Jan | Feb | Mar | Apr | May | Jun | Jul | Aug | Sep | Oct | Nov | Dec
2008: Jan | Feb | Mar | Apr | May | Jun | Jul | Aug | Sep | Oct | Nov | Dec
2007: Jan | Feb | Mar | Apr | May | Jun | Jul | Aug | Sep | Oct | Nov | Dec
2006: Jan | Feb | Mar | Apr | May | Jun | Jul | Aug | Sep | Oct | Nov | Dec
2005: Jan | Feb | Mar | Apr | May | Jun | Jul | Aug | Sep | Oct | Nov | Dec
2004: Jan | Feb | Mar | Apr | May | Jun | Jul | Aug | Sep | Oct | Nov | Dec
Report for 2013 12
MONTHLY CLIMATOLOGICAL SUMMARY for DEC. 2013
NAME: KCASARAT1 CITY: Saratoga STATE: CA
ELEV: 375 ft LAT: 37° 16' 28" N LONG: 122° 01' 23" W
TEMPERATURE (°F), RAIN (in), WIND SPEED (mph)
HEAT COOL AVG
MEAN DEG DEG WIND DOM
DAY TEMP HIGH TIME LOW TIME DAYS DAYS RAIN SPEED HIGH TIME DIR
------------------------------------------------------------------------------------
1 53.3 71.6 2:10p 40.9 7:10a 12.7 1.0 0.00 0.2 8.0 2:25p NW
2 51.8 66.8 2:55p 41.3 7:15a 13.2 0.1 0.00 0.2 11.0 4:05p N
3 49.0 54.4 12:50p 39.5 11:55p 16.0 0.0 0.00 1.5 17.0 12:25p NW
4 41.4 53.1 1:35p 32.4 12:00m 23.6 0.0 0.00 0.2 10.0 12:30p NNE
5 37.8 52.2 2:00p 27.9 7:20a 27.2 0.0 0.00 0.3 8.0 12:35p NW
6 42.1 54.7 1:45p 29.5 5:30a 23.0 0.0 0.26 0.7 14.0 12:00m S
7 42.7 49.4 2:00p 31.6 12:00m 22.3 0.0 0.20 2.1 20.0 12:50a NW
8 36.0 45.5 2:25p 29.8 7:10a 29.0 0.0 0.00 0.8 11.0 10:45a NW
9 37.4 50.8 3:00p 27.5 3:45a 27.6 0.0 0.00 0.6 12.0 1:05p NW
10 37.9 53.1 2:40p 26.6 6:15a 27.1 0.0 0.00 0.4 8.0 9:55a NW
11 41.4 56.3 3:05p 30.9 6:15a 23.6 0.0 0.00 0.4 10.0 2:25p NNW
12 42.8 60.9 2:10p 30.4 7:00a 22.2 0.0 0.00 0.1 6.0 12:10p NW
13 43.7 60.7 2:00p 32.2 6:50a 21.3 0.0 0.00 0.3 10.0 2:05p NNW
14 45.2 61.5 2:45p 34.0 6:50a 19.8 0.0 0.00 0.5 10.0 12:05p NW
15 45.8 64.3 2:10p 33.7 6:50a 19.2 0.0 0.00 0.2 6.0 1:35p NW
16 49.4 70.8 3:10p 37.2 5:20a 16.1 0.5 0.00 0.1 6.0 10:40a NW
17 50.8 66.3 12:45p 38.9 7:40a 14.3 0.1 0.00 0.0 5.0 1:50p N
18 50.7 63.5 1:35p 41.2 11:55p 14.3 0.0 0.00 0.2 7.0 10:35a N
19 47.1 58.1 2:30p 39.6 7:45a 17.9 0.0 0.00 0.9 13.0 2:05p NW
20 45.1 61.5 2:45p 33.2 5:50a 19.9 0.0 0.00 0.4 10.0 12:05p SW
21 47.6 62.4 3:20p 37.2 6:45a 17.4 0.0 0.00 0.6 11.0 12:10p NW
22 51.1 67.8 2:20p 38.9 4:30a 14.2 0.3 0.00 0.6 11.0 1:05p NW
23 49.3 64.8 3:00p 38.6 6:55a 15.7 0.0 0.00 0.3 8.0 12:55p NNW
24 51.7 69.9 2:50p 38.9 7:05a 14.1 0.8 0.00 0.6 12.0 1:30p W
25 49.8 67.4 2:40p 37.8 7:20a 15.3 0.2 0.00 0.3 7.0 10:20a NW
26 49.8 69.1 2:45p 36.9 7:35a 15.6 0.5 0.00 0.1 6.0 1:20p NW
27 47.9 63.2 1:35p 36.5 7:45a 17.1 0.0 0.00 0.0 6.0 6:15p NW
28 48.0 66.6 2:45p 34.7 6:35a 17.1 0.1 0.00 0.7 12.0 11:35a W
29 53.8 68.3 2:50p 41.6 11:55p 11.5 0.3 0.00 0.5 11.0 9:35a NW
30 48.6 68.9 2:40p 35.2 7:35a 16.6 0.3 0.00 0.1 6.0 2:45p NNE
31 45.5 61.8 2:45p 34.1 7:05a 19.5 0.0 0.00 0.2 11.0 3:05p N
-------------------------------------------------------------------------------------
46.3 71.6 1 26.6 10 584.4 4.2 0.46 0.5 20.0 7 NW
Max >= 90.0: 0
Max <= 32.0: 0
Min <= 32.0: 8
Min <= 0.0: 0
Max Rain: 0.26 ON 12/06/13
Days of Rain: 2 (>.01 in) 2 (>.1 in) 0 (>1 in)
Heat Base: 65.0 Cool Base: 65.0 Method: Integration
Downloads .. please customize for your directory and file naming convention ( WL or VWS).
Download WeatherLink/ VWS version (V1.07 - 11-Aug-2017) [ see version history ]