They're free, but use at your own risk
The scripts referenced here are used in the operation of this weather station, and may be freely copied and used to support your station. Please note that you use these scripts at your own risk. No warranty is expressed or implied. I accept no liability for any damages that may ensue from their use.
You will need to configure them for your own particular weather station website.
A RSS Feed is available to help keep you informed on updates to the scripts.
Many of these scripts are now available on GitHub at https://github.com/ktrue
A Version History is available -- check back from time to time to see if there are updates to scripts you have downloaded earlier.
Announcements of version updates and new scripts are made on
WXForum.net and
Weather-Watch forums
and saratogaWXPHP Twitter account as they become available.
Note: Twitter widget has been disabled 3-Jul-2023 since it no longer displays the recent update Tweets.
This page was updated
Friday, 11-Aug-2017 10:11 AM
PHP Scripts (run on webserver)
These scripts have run on PHP 4.1.2, and PHP 4.4.1. I don't have access to PHP 3.x, so it is not known if they will work on versions below PHP 4.1.2. If you try them and they work (or not) on earlier versions of PHP, please send me a message at webmaster[at]saratoga-weather.org and let me know the results.
Display .TXT NOAA style forecasts PHP
I needed to safely display a series of .TXT files (NOAA style climate reports) using the overall style of the website. My WeatherLink software produces regular reports (NOAAMO.TXT, NOAAPRMO.TXT, NOAAYR.TXT, NOAAPRYR.TXT) as part of the 5-minute update. I've also produced reports and named them NOAAyyyy.TXT for yearly reports and NOAAyyyy-mm.TXT for monthly reports. These I've uploaded (monthly) to a sub-directory on the website /NOAA-reports.
Version 1.04 (01-Dec-2007) adds a new feature for WeatherLink users to create new NOAAyyyy-mm.TXT and NOAAyyyy.TXT files from the respective NOAAPRMO.TXT and NOAAPRYR.TXT files when the month/year rolls over. It will copy the appropriate file to the $NOAAdir and name it so you have no monthly maintenance to do (except to view the NOAA reports page on the first of each month).
The NOAA-reports.php will read the sub-directory, sort the filenames produce a menu of available names, and display the file requested. It automatically uses NOAAMO.TXT and NOAAYR.TXT (WeatherLink version) for the current monthly and current yearly files. The nice thing about the script is it strictly controls what can be displayed (existing files only, no directory browsing). The following is a live display of WeatherLink produced NOAA style reports for this station.
<?php $doInclude = true; require("NOAA-reports-test.php"); ?>
2024: Jan | Feb | Mar | Apr | May | Jun | Jul | Aug | Sep | Oct | Nov | Dec
2023: Jan | Feb | Mar | Apr | May | Jun | Jul | Aug | Sep | Oct | Nov | Dec
2022: Jan | Feb | Mar | Apr | May | Jun | Jul | Aug | Sep | Oct | Nov | Dec
2021: Jan | Feb | Mar | Apr | May | Jun | Jul | Aug | Sep | Oct | Nov | Dec
2020: Jan | Feb | Mar | Apr | May | Jun | Jul | Aug | Sep | Oct | Nov | Dec
2019: Jan | Feb | Mar | Apr | May | Jun | Jul | Aug | Sep | Oct | Nov | Dec
2018: Jan | Feb | Mar | Apr | May | Jun | Jul | Aug | Sep | Oct | Nov | Dec
2017: Jan | Feb | Mar | Apr | May | Jun | Jul | Aug | Sep | Oct | Nov | Dec
2016: Jan | Feb | Mar | Apr | May | Jun | Jul | Aug | Sep | Oct | Nov | Dec
2015: Jan | Feb | Mar | Apr | May | Jun | Jul | Aug | Sep | Oct | Nov | Dec
2014: Jan | Feb | Mar | Apr | May | Jun | Jul | Aug | Sep | Oct | Nov | Dec
2013: Jan | Feb | Mar | Apr | May | Jun | Jul | Aug | Sep | Oct | Nov | Dec
2012: Jan | Feb | Mar | Apr | May | Jun | Jul | Aug | Sep | Oct | Nov | Dec
2011: Jan | Feb | Mar | Apr | May | Jun | Jul | Aug | Sep | Oct | Nov | Dec
2010: Jan | Feb | Mar | Apr | May | Jun | Jul | Aug | Sep | Oct | Nov | Dec
2009: Jan | Feb | Mar | Apr | May | Jun | Jul | Aug | Sep | Oct | Nov | Dec
2008: Jan | Feb | Mar | Apr | May | Jun | Jul | Aug | Sep | Oct | Nov | Dec
2007: Jan | Feb | Mar | Apr | May | Jun | Jul | Aug | Sep | Oct | Nov | Dec
2006: Jan | Feb | Mar | Apr | May | Jun | Jul | Aug | Sep | Oct | Nov | Dec
2005: Jan | Feb | Mar | Apr | May | Jun | Jul | Aug | Sep | Oct | Nov | Dec
2004: Jan | Feb | Mar | Apr | May | Jun | Jul | Aug | Sep | Oct | Nov | Dec
Report for 2012 12
MONTHLY CLIMATOLOGICAL SUMMARY for DEC. 2012
NAME: KCASARAT1 CITY: Saratoga STATE: CA
ELEV: 375 ft LAT: 37° 16' 28" N LONG: 122° 01' 23" W
TEMPERATURE (°F), RAIN (in), WIND SPEED (mph)
HEAT COOL AVG
MEAN DEG DEG WIND DOM
DAY TEMP HIGH TIME LOW TIME DAYS DAYS RAIN SPEED HIGH TIME DIR
------------------------------------------------------------------------------------
1 59.0 64.3 1:35p 56.3 2:15a 6.0 0.0 0.55 2.0 18.0 3:35a ESE
2 56.1 62.1 5:20a 46.0 11:55p 8.9 0.0 1.68 1.9 26.0 6:05a S
3 51.3 63.9 2:20p 41.2 7:10a 13.7 0.0 0.01 0.1 5.0 10:35a E
4 55.3 66.1 1:30p 48.0 1:35a 9.8 0.0 0.00 0.9 13.0 10:15p ESE
5 60.3 66.3 2:05p 57.5 12:00m 4.7 0.1 0.37 0.7 13.0 1:35a NW
6 54.6 57.5 12:05a 47.3 12:00m 10.4 0.0 0.01 0.1 7.0 12:15a NW
7 50.1 65.2 1:55p 40.6 12:00m 14.9 0.0 0.01 0.2 8.0 1:30p N
8 47.5 60.2 2:25p 37.6 7:30a 17.5 0.0 0.00 0.6 11.0 10:20a NW
9 53.7 66.1 2:30p 43.9 12:15a 11.3 0.0 0.00 0.7 12.0 10:00a NW
10 55.9 68.6 2:30p 46.7 6:00a 9.5 0.5 0.00 0.6 13.0 1:35p NW
11 51.3 66.6 1:30p 40.9 7:35a 13.8 0.1 0.00 0.3 10.0 2:15p N
12 48.6 57.3 12:40p 40.6 11:15p 16.4 0.0 0.08 0.5 10.0 1:55a W
13 43.3 52.8 2:10p 37.5 5:25a 21.7 0.0 0.01 0.8 12.0 3:25p NW
14 43.4 53.3 12:45p 35.9 3:05a 21.6 0.0 0.02 0.2 7.0 2:55p ENE
15 42.1 47.0 2:00p 34.9 6:20a 22.9 0.0 0.17 0.1 8.0 7:30p ESE
16 50.9 56.6 11:35a 44.3 2:45a 14.1 0.0 0.00 1.4 17.0 3:25p ESE
17 52.5 56.5 9:40a 44.9 11:40p 12.5 0.0 0.19 0.7 19.0 12:15a ESE
18 45.5 52.2 1:20p 37.5 12:00m 19.5 0.0 0.00 2.6 21.0 11:55a NW
19 40.7 54.5 2:15p 30.7 7:30a 24.3 0.0 0.00 0.3 12.0 11:20p NW
20 48.2 58.0 2:00p 35.5 7:05a 16.8 0.0 0.00 2.6 19.0 5:05p ESE
21 52.2 55.6 9:50a 49.2 12:35a 12.8 0.0 0.20 4.9 32.0 3:20p S
22 51.6 54.8 3:20a 49.4 10:15p 13.4 0.0 1.46 1.7 29.0 4:30a S
23 51.5 55.3 2:25p 45.8 12:00m 13.5 0.0 2.85 2.5 27.0 11:10a ESE
24 46.6 55.9 2:20p 40.1 11:55p 18.4 0.0 0.01 0.5 10.0 10:10a NW
25 45.3 54.5 2:15p 38.0 2:15a 19.7 0.0 0.48 1.5 24.0 4:55p E
26 46.7 52.5 2:45p 42.9 10:20p 18.3 0.0 0.26 0.5 19.0 9:40a NW
27 45.9 54.4 3:05p 38.0 11:20p 19.1 0.0 0.01 0.6 11.0 12:05a NW
28 43.4 52.0 3:25p 35.3 7:00a 21.6 0.0 0.02 0.3 11.0 6:45p ESE
29 43.8 49.8 4:15p 37.0 11:50p 21.2 0.0 0.33 0.5 11.0 3:05p NW
30 42.5 54.1 2:25p 34.6 7:20a 22.5 0.0 0.01 0.5 12.0 3:50p NW
31 42.5 53.1 3:35p 32.8 6:55a 22.5 0.0 0.00 0.5 12.0 12:25p NW
-------------------------------------------------------------------------------------
49.1 68.6 10 30.7 19 493.3 0.7 8.73 1.0 32.0 21 NW
Max >= 90.0: 0
Max <= 32.0: 0
Min <= 32.0: 1
Min <= 0.0: 0
Max Rain: 2.85 ON 12/23/12
Days of Rain: 14 (>.01 in) 11 (>.1 in) 3 (>1 in)
Heat Base: 65.0 Cool Base: 65.0 Method: Integration
Downloads .. please customize for your directory and file naming convention ( WL or VWS).
Download WeatherLink/ VWS version (V1.07 - 11-Aug-2017) [ see version history ]