They're free, but use at your own risk
The scripts referenced here are used in the operation of this weather station, and may be freely copied and used to support your station. Please note that you use these scripts at your own risk. No warranty is expressed or implied. I accept no liability for any damages that may ensue from their use.
You will need to configure them for your own particular weather station website.
A RSS Feed is available to help keep you informed on updates to the scripts.
Many of these scripts are now available on GitHub at https://github.com/ktrue
A Version History is available -- check back from time to time to see if there are updates to scripts you have downloaded earlier.
Announcements of version updates and new scripts are made on
WXForum.net and
Weather-Watch forums
and saratogaWXPHP Twitter account as they become available.
Note: Twitter widget has been disabled 3-Jul-2023 since it no longer displays the recent update Tweets.
This page was updated
Friday, 11-Aug-2017 10:11 AM
PHP Scripts (run on webserver)
These scripts have run on PHP 4.1.2, and PHP 4.4.1. I don't have access to PHP 3.x, so it is not known if they will work on versions below PHP 4.1.2. If you try them and they work (or not) on earlier versions of PHP, please send me a message at webmaster[at]saratoga-weather.org and let me know the results.
Display .TXT NOAA style forecasts PHP
I needed to safely display a series of .TXT files (NOAA style climate reports) using the overall style of the website. My WeatherLink software produces regular reports (NOAAMO.TXT, NOAAPRMO.TXT, NOAAYR.TXT, NOAAPRYR.TXT) as part of the 5-minute update. I've also produced reports and named them NOAAyyyy.TXT for yearly reports and NOAAyyyy-mm.TXT for monthly reports. These I've uploaded (monthly) to a sub-directory on the website /NOAA-reports.
Version 1.04 (01-Dec-2007) adds a new feature for WeatherLink users to create new NOAAyyyy-mm.TXT and NOAAyyyy.TXT files from the respective NOAAPRMO.TXT and NOAAPRYR.TXT files when the month/year rolls over. It will copy the appropriate file to the $NOAAdir and name it so you have no monthly maintenance to do (except to view the NOAA reports page on the first of each month).
The NOAA-reports.php will read the sub-directory, sort the filenames produce a menu of available names, and display the file requested. It automatically uses NOAAMO.TXT and NOAAYR.TXT (WeatherLink version) for the current monthly and current yearly files. The nice thing about the script is it strictly controls what can be displayed (existing files only, no directory browsing). The following is a live display of WeatherLink produced NOAA style reports for this station.
<?php $doInclude = true; require("NOAA-reports-test.php"); ?>
2024: Jan | Feb | Mar | Apr | May | Jun | Jul | Aug | Sep | Oct | Nov | Dec
2023: Jan | Feb | Mar | Apr | May | Jun | Jul | Aug | Sep | Oct | Nov | Dec
2022: Jan | Feb | Mar | Apr | May | Jun | Jul | Aug | Sep | Oct | Nov | Dec
2021: Jan | Feb | Mar | Apr | May | Jun | Jul | Aug | Sep | Oct | Nov | Dec
2020: Jan | Feb | Mar | Apr | May | Jun | Jul | Aug | Sep | Oct | Nov | Dec
2019: Jan | Feb | Mar | Apr | May | Jun | Jul | Aug | Sep | Oct | Nov | Dec
2018: Jan | Feb | Mar | Apr | May | Jun | Jul | Aug | Sep | Oct | Nov | Dec
2017: Jan | Feb | Mar | Apr | May | Jun | Jul | Aug | Sep | Oct | Nov | Dec
2016: Jan | Feb | Mar | Apr | May | Jun | Jul | Aug | Sep | Oct | Nov | Dec
2015: Jan | Feb | Mar | Apr | May | Jun | Jul | Aug | Sep | Oct | Nov | Dec
2014: Jan | Feb | Mar | Apr | May | Jun | Jul | Aug | Sep | Oct | Nov | Dec
2013: Jan | Feb | Mar | Apr | May | Jun | Jul | Aug | Sep | Oct | Nov | Dec
2012: Jan | Feb | Mar | Apr | May | Jun | Jul | Aug | Sep | Oct | Nov | Dec
2011: Jan | Feb | Mar | Apr | May | Jun | Jul | Aug | Sep | Oct | Nov | Dec
2010: Jan | Feb | Mar | Apr | May | Jun | Jul | Aug | Sep | Oct | Nov | Dec
2009: Jan | Feb | Mar | Apr | May | Jun | Jul | Aug | Sep | Oct | Nov | Dec
2008: Jan | Feb | Mar | Apr | May | Jun | Jul | Aug | Sep | Oct | Nov | Dec
2007: Jan | Feb | Mar | Apr | May | Jun | Jul | Aug | Sep | Oct | Nov | Dec
2006: Jan | Feb | Mar | Apr | May | Jun | Jul | Aug | Sep | Oct | Nov | Dec
2005: Jan | Feb | Mar | Apr | May | Jun | Jul | Aug | Sep | Oct | Nov | Dec
2004: Jan | Feb | Mar | Apr | May | Jun | Jul | Aug | Sep | Oct | Nov | Dec
Report for 2012 05
MONTHLY CLIMATOLOGICAL SUMMARY for MAY. 2012
NAME: KCASARAT1 CITY: Saratoga STATE: CA
ELEV: 375 ft LAT: 37° 16' 28" N LONG: 122° 01' 23" W
TEMPERATURE (°F), RAIN (in), WIND SPEED (mph)
HEAT COOL AVG
MEAN DEG DEG WIND DOM
DAY TEMP HIGH TIME LOW TIME DAYS DAYS RAIN SPEED HIGH TIME DIR
------------------------------------------------------------------------------------
1 57.8 71.8 3:05p 46.5 6:40a 8.2 1.1 0.00 1.1 16.0 4:10p W
2 55.5 70.1 1:00p 43.1 6:45a 10.1 0.6 0.00 1.0 12.0 1:35p NNE
3 56.2 65.6 3:40p 45.1 6:10a 8.8 0.0 0.00 0.7 12.0 10:40a S
4 57.3 68.1 3:45p 46.5 12:00m 8.0 0.3 0.00 1.7 16.0 9:40a NW
5 60.1 77.6 5:00p 43.9 4:20a 8.2 3.2 0.00 1.7 17.0 1:40p NW
6 66.1 83.8 4:40p 46.8 6:00a 5.7 6.8 0.00 1.2 16.0 1:35p NW
7 69.9 90.7 4:00p 50.5 6:35a 4.0 8.9 0.00 1.2 14.0 4:10p NW
8 69.3 90.5 1:50p 49.1 6:15a 4.5 8.7 0.00 0.8 11.0 2:20p NW
9 64.6 81.4 3:15p 50.1 6:15a 5.0 4.6 0.00 0.9 11.0 2:25p N
10 65.1 85.1 4:15p 45.7 6:20a 6.2 6.3 0.00 1.2 14.0 6:40p NW
11 69.4 90.3 3:35p 49.1 6:20a 4.5 8.8 0.00 0.9 13.0 3:50p N
12 66.2 85.5 3:55p 50.1 5:35a 5.0 6.2 0.00 0.8 14.0 2:45p N
13 61.8 77.4 1:30p 52.5 3:05a 5.7 2.5 0.00 0.9 13.0 4:05p NW
14 59.7 75.1 3:25p 50.2 2:50a 6.6 1.3 0.00 0.6 18.0 4:50p S
15 59.6 74.4 2:15p 47.7 6:15a 7.1 1.7 0.00 1.1 13.0 2:20p N
16 61.6 73.9 2:10p 53.6 4:55a 5.6 2.2 0.00 1.1 11.0 12:25p N
17 60.5 77.6 3:05p 50.8 11:55p 6.5 2.0 0.00 1.1 16.0 4:35p W
18 61.3 79.6 2:50p 45.2 6:15a 7.3 3.6 0.00 1.0 12.0 3:55p N
19 63.0 81.8 3:15p 44.8 6:15a 6.7 4.7 0.00 0.8 12.0 3:15p N
20 65.5 85.5 2:35p 49.9 5:55a 4.9 5.4 0.00 0.7 12.0 3:40p N
21 62.6 74.6 1:55p 50.5 6:15a 4.8 2.4 0.00 1.2 13.0 3:10p NNW
22 65.7 79.9 2:55p 55.1 6:35a 3.3 4.0 0.00 1.3 14.0 2:30p NNW
23 61.6 77.4 3:30p 48.8 6:00a 6.1 2.7 0.00 1.4 21.0 1:25p NW
24 59.4 77.0 2:55p 46.5 5:55a 7.9 2.3 0.00 1.3 13.0 1:40p W
25 54.8 66.9 4:25p 48.2 6:25a 10.3 0.0 0.00 1.9 18.0 7:55a W
26 55.0 66.6 2:35p 44.2 6:05a 10.1 0.1 0.00 1.5 19.0 1:15p W
27 57.7 68.6 3:15p 51.3 12:00m 7.6 0.3 0.00 1.1 14.0 4:25p WNW
28 57.5 68.8 11:35a 47.3 5:55a 8.2 0.8 0.00 1.1 12.0 12:45p N
29 59.0 74.7 2:10p 43.8 6:15a 8.1 2.0 0.00 1.1 12.0 4:10p N
30 63.2 84.0 3:50p 46.2 5:55a 6.7 4.9 0.00 0.8 11.0 2:35p N
31 69.1 91.2 3:10p 48.3 6:10a 4.9 9.0 0.00 0.6 11.0 3:25p N
-------------------------------------------------------------------------------------
61.8 91.2 31 43.1 2 206.6 107.4 0.00 1.1 21.0 23 NW
Max >= 90.0: 4
Max <= 32.0: 0
Min <= 32.0: 0
Min <= 0.0: 0
Max Rain: 0.00 ON 05/01/12
Days of Rain: 0 (>.01 in) 0 (>.1 in) 0 (>1 in)
Heat Base: 65.0 Cool Base: 65.0 Method: Integration
Downloads .. please customize for your directory and file naming convention ( WL or VWS).
Download WeatherLink/ VWS version (V1.07 - 11-Aug-2017) [ see version history ]