deformed-offering

Weather station scripts - NOAA Climate Report display

They're free, but use at your own risk

The scripts referenced here are used in the operation of this weather station, and may be freely copied and used to support your station. Please note that you use these scripts at your own risk. No warranty is expressed or implied. I accept no liability for any damages that may ensue from their use.
You will need to configure them for your own particular weather station website.
RSS feed for Scripts Updates A RSS Feed is available to help keep you informed on updates to the scripts.

Many of these scripts are now available on GitHub at https://github.com/ktrue

If you find one or more of the scripts useful to you, please consider making a donation to help offset the routine expenses of operation of this website.
Thanks for your kind support!

A Version History is available -- check back from time to time to see if there are updates to scripts you have downloaded earlier. Announcements of version updates and new scripts are made on WXForum.net and Weather-Watch forums and saratogaWXPHP Twitter account as they become available.

This page was updated Friday, 11-Aug-2017 10:11 AM

PHP Scripts (run on webserver)

These scripts have run on PHP 4.1.2, and PHP 4.4.1. I don't have access to PHP 3.x, so it is not known if they will work on versions below PHP 4.1.2. If you try them and they work (or not) on earlier versions of PHP, please send me a message at webmaster[at]saratoga-weather.org and let me know the results.

Display .TXT NOAA style forecasts PHP

I needed to safely display a series of .TXT files (NOAA style climate reports) using the overall style of the website. My WeatherLink software produces regular reports (NOAAMO.TXT, NOAAPRMO.TXT, NOAAYR.TXT, NOAAPRYR.TXT) as part of the 5-minute update. I've also produced reports and named them NOAAyyyy.TXT for yearly reports and NOAAyyyy-mm.TXT for monthly reports. These I've uploaded (monthly) to a sub-directory on the website /NOAA-reports.

Version 1.04 (01-Dec-2007) adds a new feature for WeatherLink users to create new NOAAyyyy-mm.TXT and NOAAyyyy.TXT files from the respective NOAAPRMO.TXT and NOAAPRYR.TXT files when the month/year rolls over. It will copy the appropriate file to the $NOAAdir and name it so you have no monthly maintenance to do (except to view the NOAA reports page on the first of each month).

The NOAA-reports.php will read the sub-directory, sort the filenames produce a menu of available names, and display the file requested. It automatically uses NOAAMO.TXT and NOAAYR.TXT (WeatherLink version) for the current monthly and current yearly files. The nice thing about the script is it strictly controls what can be displayed (existing files only, no directory browsing). The following is a live display of WeatherLink produced NOAA style reports for this station.

<?php $doInclude = true; require("NOAA-reports-test.php"); ?>
2020: Jan | Feb | Mar | Apr | May | Jun | Jul | Aug | Sep | Oct | Nov | Dec 
2019: Jan | Feb | Mar | Apr | May | Jun | Jul | Aug | Sep | Oct | Nov | Dec 
2018: Jan | Feb | Mar | Apr | May | Jun | Jul | Aug | Sep | Oct | Nov | Dec 
2017: Jan | Feb | Mar | Apr | May | Jun | Jul | Aug | Sep | Oct | Nov | Dec 
2016: Jan | Feb | Mar | Apr | May | Jun | Jul | Aug | Sep | Oct | Nov | Dec 
2015: Jan | Feb | Mar | Apr | May | Jun | Jul | Aug | Sep | Oct | Nov | Dec 
2014: Jan | Feb | Mar | Apr | May | Jun | Jul | Aug | Sep | Oct | Nov | Dec 
2013: Jan | Feb | Mar | Apr | May | Jun | Jul | Aug | Sep | Oct | Nov | Dec 
2012: Jan | Feb | Mar | Apr | May | Jun | Jul | Aug | Sep | Oct | Nov | Dec 
2011: Jan | Feb | Mar | Apr | May | Jun | Jul | Aug | Sep | Oct | Nov | Dec 
2010: Jan | Feb | Mar | Apr | May | Jun | Jul | Aug | Sep | Oct | Nov | Dec 
2009: Jan | Feb | Mar | Apr | May | Jun | Jul | Aug | Sep | Oct | Nov | Dec 
2008: Jan | Feb | Mar | Apr | May | Jun | Jul | Aug | Sep | Oct | Nov | Dec 
2007: Jan | Feb | Mar | Apr | May | Jun | Jul | Aug | Sep | Oct | Nov | Dec 
2006: Jan | Feb | Mar | Apr | May | Jun | Jul | Aug | Sep | Oct | Nov | Dec 
2005: Jan | Feb | Mar | Apr | May | Jun | Jul | Aug | Sep | Oct | Nov | Dec 
2004: Jan | Feb | Mar | Apr | May | Jun | Jul | Aug | Sep | Oct | Nov | Dec 

Report for 2020 01
MONTHLY CLIMATOLOGICAL SUMMARY for JAN. 2020 NAME: KCASARAT1 CITY: Saratoga STATE: CA ELEV: 375 ft LAT: 37 16' 28" N LONG: 122 01' 23" W TEMPERATURE (F), RAIN (in), WIND SPEED (mph) HEAT COOL AVG MEAN DEG DEG WIND DOM DAY TEMP HIGH TIME LOW TIME DAYS DAYS RAIN SPEED HIGH TIME DIR ------------------------------------------------------------------------------------ 1 50.3 59.0 1:55p 42.1 6:50a 14.7 0.0 0.00 0.5 10.0 1:30p ESE 2 49.2 60.5 2:45p 41.9 7:50a 15.8 0.0 0.01 0.8 11.0 12:05p NW 3 49.1 63.1 3:20p 39.5 7:05a 15.9 0.0 0.00 0.7 12.0 5:40p ESE 4 50.0 59.5 1:25p 43.9 2:40a 15.0 0.0 0.00 1.0 13.0 1:20p N 5 46.3 57.0 3:00p 38.9 6:30a 18.7 0.0 0.01 0.9 13.0 11:15a N 6 46.2 59.0 3:20p 38.3 7:35a 18.8 0.0 0.00 1.0 12.0 11:10a NW 7 45.3 55.9 2:40p 36.5 7:10a 19.7 0.0 0.00 0.5 7.0 12:10p N 8 49.4 56.0 2:05p 44.2 6:45a 15.6 0.0 0.00 0.8 10.0 10:55a NW 9 47.2 54.4 2:00p 40.3 11:45p 17.8 0.0 0.09 1.9 18.0 1:15p NW 10 44.9 57.3 2:35p 36.0 6:30a 20.1 0.0 0.01 0.3 6.0 4:15p N 11 48.0 56.3 2:10p 40.5 11:55p 17.0 0.0 0.00 1.7 18.0 12:20p NW 12 44.2 54.4 1:40p 36.9 7:45a 20.8 0.0 0.01 0.5 16.0 12:25p N 13 48.1 55.9 2:35p 39.8 6:50a 16.9 0.0 0.02 0.4 9.0 1:35p W 14 47.7 54.2 1:05p 38.8 11:45p 17.3 0.0 0.00 1.1 12.0 9:55a N 15 43.5 53.3 3:20p 35.2 7:35a 21.5 0.0 0.00 0.7 12.0 12:00m E 16 45.5 48.6 3:40a 40.2 12:00m 19.5 0.0 0.93 2.8 31.0 9:30a E 17 43.1 53.9 3:20p 36.0 6:10a 21.9 0.0 0.01 0.3 7.0 3:10p N 18 43.8 53.3 3:25p 37.3 7:55a 21.2 0.0 0.00 0.6 10.0 4:05p NW 19 44.9 54.7 2:15p 37.0 4:35a 20.1 0.0 0.00 0.1 6.0 11:55a N 20 48.5 57.2 2:45p 43.6 6:00a 16.5 0.0 0.00 0.9 14.0 5:20p ESE 21 53.2 58.0 1:50p 48.3 12:05a 11.8 0.0 0.00 2.5 13.0 7:45a ESE 22 54.0 60.4 1:50p 47.0 11:55p 11.0 0.0 0.00 0.3 12.0 1:45a ESE 23 51.3 61.2 2:10p 44.3 3:50a 13.7 0.0 0.00 0.4 7.0 2:00p NNW 24 53.1 65.2 3:10p 43.2 7:40a 11.9 0.0 0.01 0.5 11.0 3:20p N 25 56.7 65.0 3:15p 49.2 6:20a 8.3 0.0 0.00 0.3 6.0 11:15a N 26 55.1 61.3 3:05p 43.9 11:55p 9.9 0.0 0.08 1.0 13.0 2:25p NW 27 49.8 59.6 2:25p 40.9 7:05a 15.2 0.0 0.00 0.5 8.0 11:05a NE 28 49.4 52.8 12:05a 48.2 3:05a 3.9 0.0 0.00 0.0 3.0 12:50a WNW 29 30 31 ------------------------------------------------------------------------------------- 48.5 65.2 24 35.2 15 450.5 0.0 1.18 0.8 31.0 16 NW Max >= 90.0: 0 Max <= 32.0: 0 Min <= 32.0: 0 Min <= 0.0: 0 Max Rain: 0.93 ON 01/16/20 Days of Rain: 4 (>.01 in) 1 (>.1 in) 0 (>1 in) Heat Base: 65.0 Cool Base: 65.0 Method: Integration

Downloads .. please customize for your directory and file naming convention ( WL or VWS).
Download WeatherLink/ VWS version (V1.07 - 11-Aug-2017) [ see version history ]

deformed-offering