deformed-offering

Weather station scripts - NOAA Climate Report display

They're free, but use at your own risk

The scripts referenced here are used in the operation of this weather station, and may be freely copied and used to support your station. Please note that you use these scripts at your own risk. No warranty is expressed or implied. I accept no liability for any damages that may ensue from their use.
You will need to configure them for your own particular weather station website.
RSS feed for Scripts Updates A RSS Feed is available to help keep you informed on updates to the scripts.

Many of these scripts are now available on GitHub at https://github.com/ktrue

If you find one or more of the scripts useful to you, please consider making a donation to help offset the routine expenses of operation of this website.
Thanks for your kind support!

A Version History is available -- check back from time to time to see if there are updates to scripts you have downloaded earlier. Announcements of version updates and new scripts are made on WXForum.net and Weather-Watch forums and saratogaWXPHP Twitter account as they become available.

This page was updated Friday, 11-Aug-2017 10:11 AM

PHP Scripts (run on webserver)

These scripts have run on PHP 4.1.2, and PHP 4.4.1. I don't have access to PHP 3.x, so it is not known if they will work on versions below PHP 4.1.2. If you try them and they work (or not) on earlier versions of PHP, please send me a message at webmaster[at]saratoga-weather.org and let me know the results.

Display .TXT NOAA style forecasts PHP

I needed to safely display a series of .TXT files (NOAA style climate reports) using the overall style of the website. My WeatherLink software produces regular reports (NOAAMO.TXT, NOAAPRMO.TXT, NOAAYR.TXT, NOAAPRYR.TXT) as part of the 5-minute update. I've also produced reports and named them NOAAyyyy.TXT for yearly reports and NOAAyyyy-mm.TXT for monthly reports. These I've uploaded (monthly) to a sub-directory on the website /NOAA-reports.

Version 1.04 (01-Dec-2007) adds a new feature for WeatherLink users to create new NOAAyyyy-mm.TXT and NOAAyyyy.TXT files from the respective NOAAPRMO.TXT and NOAAPRYR.TXT files when the month/year rolls over. It will copy the appropriate file to the $NOAAdir and name it so you have no monthly maintenance to do (except to view the NOAA reports page on the first of each month).

The NOAA-reports.php will read the sub-directory, sort the filenames produce a menu of available names, and display the file requested. It automatically uses NOAAMO.TXT and NOAAYR.TXT (WeatherLink version) for the current monthly and current yearly files. The nice thing about the script is it strictly controls what can be displayed (existing files only, no directory browsing). The following is a live display of WeatherLink produced NOAA style reports for this station.

<?php $doInclude = true; require("NOAA-reports-test.php"); ?>
2020: Jan | Feb | Mar | Apr | May | Jun | Jul | Aug | Sep | Oct | Nov | Dec 
2019: Jan | Feb | Mar | Apr | May | Jun | Jul | Aug | Sep | Oct | Nov | Dec 
2018: Jan | Feb | Mar | Apr | May | Jun | Jul | Aug | Sep | Oct | Nov | Dec 
2017: Jan | Feb | Mar | Apr | May | Jun | Jul | Aug | Sep | Oct | Nov | Dec 
2016: Jan | Feb | Mar | Apr | May | Jun | Jul | Aug | Sep | Oct | Nov | Dec 
2015: Jan | Feb | Mar | Apr | May | Jun | Jul | Aug | Sep | Oct | Nov | Dec 
2014: Jan | Feb | Mar | Apr | May | Jun | Jul | Aug | Sep | Oct | Nov | Dec 
2013: Jan | Feb | Mar | Apr | May | Jun | Jul | Aug | Sep | Oct | Nov | Dec 
2012: Jan | Feb | Mar | Apr | May | Jun | Jul | Aug | Sep | Oct | Nov | Dec 
2011: Jan | Feb | Mar | Apr | May | Jun | Jul | Aug | Sep | Oct | Nov | Dec 
2010: Jan | Feb | Mar | Apr | May | Jun | Jul | Aug | Sep | Oct | Nov | Dec 
2009: Jan | Feb | Mar | Apr | May | Jun | Jul | Aug | Sep | Oct | Nov | Dec 
2008: Jan | Feb | Mar | Apr | May | Jun | Jul | Aug | Sep | Oct | Nov | Dec 
2007: Jan | Feb | Mar | Apr | May | Jun | Jul | Aug | Sep | Oct | Nov | Dec 
2006: Jan | Feb | Mar | Apr | May | Jun | Jul | Aug | Sep | Oct | Nov | Dec 
2005: Jan | Feb | Mar | Apr | May | Jun | Jul | Aug | Sep | Oct | Nov | Dec 
2004: Jan | Feb | Mar | Apr | May | Jun | Jul | Aug | Sep | Oct | Nov | Dec 

Report for 2020 11
MONTHLY CLIMATOLOGICAL SUMMARY for NOV. 2020 NAME: KCASARAT1 CITY: Saratoga STATE: CA ELEV: 375 ft LAT: 37 16' 28" N LONG: 122 01' 23" W TEMPERATURE (F), RAIN (in), WIND SPEED (mph) HEAT COOL AVG MEAN DEG DEG WIND DOM DAY TEMP HIGH TIME LOW TIME DAYS DAYS RAIN SPEED HIGH TIME DIR ------------------------------------------------------------------------------------ 1 57.9 76.0 3:15p 45.8 7:00a 9.0 1.9 0.00 0.3 6.0 2:40p NNW 2 59.7 77.4 3:00p 47.9 6:50a 7.8 2.5 0.00 0.4 6.0 10:10a N 3 56.6 73.5 3:35p 46.4 5:50a 9.5 1.0 0.00 0.4 13.0 3:45p N 4 58.0 74.4 2:40p 46.1 3:55a 8.6 1.6 0.00 0.5 8.0 12:25p N 5 61.0 76.7 2:30p 50.2 7:00a 6.5 2.5 0.00 0.4 9.0 1:25p NNE 6 55.1 61.2 1:40p 49.1 9:55p 9.9 0.0 0.01 1.9 19.0 4:25a NNW 7 51.6 59.8 2:50p 47.1 4:50a 13.4 0.0 0.04 0.9 14.0 4:25p W 8 49.2 56.3 2:05p 39.2 11:10p 15.8 0.0 0.00 2.8 25.0 7:30a NNW 9 44.5 56.3 2:45p 35.0 7:05a 20.5 0.0 0.00 0.7 8.0 12:10p NE 10 49.1 61.3 3:10p 36.9 6:50a 15.9 0.0 0.00 0.6 7.0 11:55a N 11 51.3 59.8 2:40p 44.3 3:50a 13.7 0.0 0.00 0.3 7.0 3:50p NNW 12 48.9 61.6 2:10p 40.1 6:55a 16.1 0.0 0.00 0.5 11.0 1:40p NNW 13 50.4 63.5 2:35p 39.8 4:00a 14.6 0.0 0.02 0.5 12.0 1:15p E 14 47.9 55.0 4:05p 42.2 12:00m 17.1 0.0 0.00 0.2 6.0 12:55p N 15 49.9 65.5 3:05p 39.2 6:25a 15.1 0.0 0.00 0.6 8.0 2:25p NNW 16 53.4 69.1 3:00p 43.9 6:35a 12.0 0.4 0.00 0.3 7.0 2:20p N 17 58.9 64.3 4:20a 49.8 12:40a 6.1 0.0 0.13 3.5 27.0 9:00a E 18 57.1 63.2 3:15p 47.6 12:00m 7.9 0.0 0.13 0.8 10.0 12:40a ESE 19 51.0 60.9 1:55p 44.2 6:45a 14.0 0.0 0.01 0.8 11.0 11:45a NNW 20 50.0 61.3 2:50p 43.8 3:55a 15.0 0.0 0.00 0.9 14.0 11:00a W 21 49.5 61.0 1:45p 40.8 12:00m 15.5 0.0 0.00 0.9 11.0 10:15a W 22 46.7 60.7 12:55p 37.2 6:40a 18.3 0.0 0.00 0.5 10.0 12:25p N 23 50.4 59.8 2:55p 43.1 12:35a 14.6 0.0 0.00 0.5 8.0 9:50a N 24 49.6 64.3 2:15p 40.5 6:50a 15.4 0.0 0.00 0.6 10.0 1:30p N 25 48.6 59.5 2:30p 41.8 11:50p 16.4 0.0 0.00 1.0 14.0 10:15a NNW 26 47.6 61.0 2:15p 37.8 6:00a 17.4 0.0 0.00 1.3 20.0 1:35p N 27 47.2 61.3 2:30p 38.2 3:30a 17.8 0.0 0.00 0.6 7.0 11:10a N 28 45.3 59.9 3:15p 35.3 6:15a 19.7 0.0 0.00 0.5 7.0 12:20p N 29 46.3 61.6 2:55p 35.3 7:00a 18.7 0.0 0.00 0.3 6.0 11:00a N 30 38.7 42.9 12:05a 36.8 6:25a 10.1 0.0 0.00 0.0 3.0 5:55a NNW ------------------------------------------------------------------------------------- 51.0 77.4 2 35.0 9 412.4 9.9 0.34 0.8 27.0 17 NNW Max >= 90.0: 0 Max <= 32.0: 0 Min <= 32.0: 0 Min <= 0.0: 0 Max Rain: 0.13 ON 11/17/20 Days of Rain: 4 (>.01 in) 2 (>.1 in) 0 (>1 in) Heat Base: 65.0 Cool Base: 65.0 Method: Integration

Downloads .. please customize for your directory and file naming convention ( WL or VWS).
Download WeatherLink/ VWS version (V1.07 - 11-Aug-2017) [ see version history ]

deformed-offering