deformed-offering

NOAA-style climate reports

2020: Jan | Feb | Mar | Apr | May | Jun | Jul | Aug | Sep | Oct | Nov | Dec 
2019: Jan | Feb | Mar | Apr | May | Jun | Jul | Aug | Sep | Oct | Nov | Dec 
2018: Jan | Feb | Mar | Apr | May | Jun | Jul | Aug | Sep | Oct | Nov | Dec 
2017: Jan | Feb | Mar | Apr | May | Jun | Jul | Aug | Sep | Oct | Nov | Dec 
2016: Jan | Feb | Mar | Apr | May | Jun | Jul | Aug | Sep | Oct | Nov | Dec 
2015: Jan | Feb | Mar | Apr | May | Jun | Jul | Aug | Sep | Oct | Nov | Dec 
2014: Jan | Feb | Mar | Apr | May | Jun | Jul | Aug | Sep | Oct | Nov | Dec 
2013: Jan | Feb | Mar | Apr | May | Jun | Jul | Aug | Sep | Oct | Nov | Dec 
2012: Jan | Feb | Mar | Apr | May | Jun | Jul | Aug | Sep | Oct | Nov | Dec 
2011: Jan | Feb | Mar | Apr | May | Jun | Jul | Aug | Sep | Oct | Nov | Dec 
2010: Jan | Feb | Mar | Apr | May | Jun | Jul | Aug | Sep | Oct | Nov | Dec 
2009: Jan | Feb | Mar | Apr | May | Jun | Jul | Aug | Sep | Oct | Nov | Dec 
2008: Jan | Feb | Mar | Apr | May | Jun | Jul | Aug | Sep | Oct | Nov | Dec 
2007: Jan | Feb | Mar | Apr | May | Jun | Jul | Aug | Sep | Oct | Nov | Dec 
2006: Jan | Feb | Mar | Apr | May | Jun | Jul | Aug | Sep | Oct | Nov | Dec 
2005: Jan | Feb | Mar | Apr | May | Jun | Jul | Aug | Sep | Oct | Nov | Dec 
2004: Jan | Feb | Mar | Apr | May | Jun | Jul | Aug | Sep | Oct | Nov | Dec 

Report for 2020 07
MONTHLY CLIMATOLOGICAL SUMMARY for JUL. 2020 NAME: KCASARAT1 CITY: Saratoga STATE: CA ELEV: 375 ft LAT: 37 16' 28" N LONG: 122 01' 23" W TEMPERATURE (F), RAIN (in), WIND SPEED (mph) HEAT COOL AVG MEAN DEG DEG WIND DOM DAY TEMP HIGH TIME LOW TIME DAYS DAYS RAIN SPEED HIGH TIME DIR ------------------------------------------------------------------------------------ 1 67.4 84.1 3:40p 54.2 6:25a 3.3 5.6 0.00 1.3 12.0 3:45p NE 2 64.3 75.4 1:55p 51.7 6:20a 4.2 3.6 0.00 1.8 18.0 3:55p ESE 3 65.5 79.6 1:40p 52.0 6:20a 4.2 4.6 0.00 1.2 12.0 1:35p N 4 70.3 88.6 3:40p 52.5 6:10a 3.5 8.8 0.00 1.2 14.0 3:10p NE 5 70.6 86.3 2:25p 55.4 6:25a 2.2 7.8 0.00 1.2 12.0 4:00p NE 6 66.3 79.6 3:00p 52.9 6:20a 3.4 4.7 0.00 1.4 13.0 1:00p N 7 67.0 83.4 3:45p 52.0 6:15a 3.8 5.9 0.00 1.3 13.0 2:35p N 8 68.6 85.3 2:05p 54.2 6:05a 3.1 6.7 0.00 1.2 13.0 1:45p NE 9 70.0 87.6 4:00p 53.8 6:25a 3.0 8.0 0.00 1.2 12.0 4:10p N 10 71.7 88.0 2:40p 56.6 6:10a 1.9 8.7 0.00 0.5 10.0 2:20p N 11 72.8 92.3 3:25p 55.6 5:55a 2.1 9.9 0.00 0.9 12.0 3:30p N 12 73.5 92.3 3:00p 57.2 6:25a 1.4 10.0 0.00 1.0 12.0 2:40p NNE 13 69.4 82.8 2:35p 58.0 6:30a 1.5 6.0 0.00 1.3 11.0 4:05p N 14 67.9 84.1 3:40p 54.8 6:20a 2.9 5.8 0.00 1.7 13.0 12:05p NE 15 67.8 82.6 3:55p 55.6 5:55a 2.8 5.6 0.00 1.1 11.0 5:30p N 16 67.7 79.9 2:00p 58.1 5:45a 2.0 4.7 0.00 1.3 12.0 2:10p N 17 70.3 85.1 2:10p 59.5 6:30a 1.4 6.7 0.00 1.4 14.0 1:30p N 18 69.8 82.6 3:50p 58.6 5:00a 1.7 6.5 0.00 1.2 10.0 1:45p N 19 69.2 79.6 2:20p 62.9 6:10a 0.5 4.7 0.00 1.4 11.0 2:50p N 20 68.0 79.2 3:10p 61.8 7:15a 1.0 3.9 0.00 1.5 13.0 3:25p N 21 68.3 80.5 1:40p 61.2 7:00a 1.3 4.5 0.00 1.5 12.0 1:25p N 22 68.3 83.0 4:25p 58.0 6:30a 2.1 5.4 0.00 1.8 17.0 12:00p ESE 23 68.1 83.2 3:30p 57.2 3:35a 2.4 5.5 0.00 1.4 13.0 5:20p N 24 67.0 79.8 1:55p 57.5 6:25a 2.0 4.0 0.00 1.4 12.0 2:30p NE 25 68.5 84.3 3:40p 55.0 6:15a 2.9 6.4 0.00 1.2 11.0 2:25p N 26 68.9 82.2 3:25p 57.2 6:25a 2.0 5.9 0.00 1.2 11.0 2:05p N 27 69.6 82.2 2:40p 61.0 2:50a 1.1 5.7 0.00 1.3 10.0 1:00p N 28 69.4 81.6 2:10p 61.2 6:55a 1.3 5.7 0.00 1.1 11.0 2:50p N 29 68.6 80.7 2:50p 59.5 2:35a 1.7 5.4 0.00 1.2 10.0 12:35p N 30 68.9 79.6 3:05p 61.6 4:15a 1.2 5.0 0.00 1.4 11.0 1:10p N 31 67.7 79.8 2:50p 59.8 5:55a 1.9 4.6 0.00 1.1 11.0 2:50p N ------------------------------------------------------------------------------------- 68.8 92.3 11 51.7 2 69.8 186.3 0.00 1.3 18.0 2 N Max >= 90.0: 2 Max <= 32.0: 0 Min <= 32.0: 0 Min <= 0.0: 0 Max Rain: 0.00 ON 07/01/20 Days of Rain: 0 (>.01 in) 0 (>.1 in) 0 (>1 in) Heat Base: 65.0 Cool Base: 65.0 Method: Integration

These reports are produced by WeatherLink V6.0.3.

deformed-offering