deformed-offering

NOAA-style climate reports

2019: Jan | Feb | Mar | Apr | May | Jun | Jul | Aug | Sep | Oct | Nov | Dec 
2018: Jan | Feb | Mar | Apr | May | Jun | Jul | Aug | Sep | Oct | Nov | Dec 
2017: Jan | Feb | Mar | Apr | May | Jun | Jul | Aug | Sep | Oct | Nov | Dec 
2016: Jan | Feb | Mar | Apr | May | Jun | Jul | Aug | Sep | Oct | Nov | Dec 
2015: Jan | Feb | Mar | Apr | May | Jun | Jul | Aug | Sep | Oct | Nov | Dec 
2014: Jan | Feb | Mar | Apr | May | Jun | Jul | Aug | Sep | Oct | Nov | Dec 
2013: Jan | Feb | Mar | Apr | May | Jun | Jul | Aug | Sep | Oct | Nov | Dec 
2012: Jan | Feb | Mar | Apr | May | Jun | Jul | Aug | Sep | Oct | Nov | Dec 
2011: Jan | Feb | Mar | Apr | May | Jun | Jul | Aug | Sep | Oct | Nov | Dec 
2010: Jan | Feb | Mar | Apr | May | Jun | Jul | Aug | Sep | Oct | Nov | Dec 
2009: Jan | Feb | Mar | Apr | May | Jun | Jul | Aug | Sep | Oct | Nov | Dec 
2008: Jan | Feb | Mar | Apr | May | Jun | Jul | Aug | Sep | Oct | Nov | Dec 
2007: Jan | Feb | Mar | Apr | May | Jun | Jul | Aug | Sep | Oct | Nov | Dec 
2006: Jan | Feb | Mar | Apr | May | Jun | Jul | Aug | Sep | Oct | Nov | Dec 
2005: Jan | Feb | Mar | Apr | May | Jun | Jul | Aug | Sep | Oct | Nov | Dec 
2004: Jan | Feb | Mar | Apr | May | Jun | Jul | Aug | Sep | Oct | Nov | Dec 

Report for 2019 06
MONTHLY CLIMATOLOGICAL SUMMARY for JUN. 2019 NAME: KCASARAT1 CITY: Saratoga STATE: CA ELEV: 375 ft LAT: 37 16' 28" N LONG: 122 01' 23" W TEMPERATURE (F), RAIN (in), WIND SPEED (mph) HEAT COOL AVG MEAN DEG DEG WIND DOM DAY TEMP HIGH TIME LOW TIME DAYS DAYS RAIN SPEED HIGH TIME DIR ------------------------------------------------------------------------------------ 1 66.8 82.8 2:20p 56.9 3:25a 2.9 4.7 0.00 1.1 12.0 2:20p N 2 66.1 78.6 3:30p 57.8 5:40a 2.6 3.7 0.00 1.4 12.0 10:40a N 3 68.0 79.8 3:45p 59.3 6:05a 2.0 5.0 0.00 1.1 13.0 6:00p N 4 71.2 87.4 4:00p 56.2 6:20a 2.3 8.5 0.00 0.9 11.0 2:45p N 5 71.4 86.7 3:15p 59.5 6:00a 1.1 7.5 0.00 1.1 12.0 3:45p N 6 65.0 76.7 3:00p 57.2 5:55a 3.2 3.1 0.00 1.5 14.0 2:20p N 7 62.6 75.8 4:00p 48.5 6:05a 5.5 3.2 0.00 1.7 14.0 4:20p N 8 68.4 83.8 5:15p 51.4 5:55a 3.9 7.3 0.00 2.0 18.0 12:45p N 9 75.0 90.7 4:15p 58.1 6:15a 1.5 11.5 0.00 0.9 10.0 8:45a N 10 81.3 99.0 4:00p 66.0 6:25a 0.0 16.3 0.00 0.8 11.0 3:35p N 11 82.4 99.9 3:55p 66.4 6:05a 0.0 17.4 0.00 0.7 11.0 4:25p N 12 79.5 94.3 3:00p 68.9 12:00m 0.0 14.5 0.00 1.1 12.0 3:20p N 13 70.6 82.6 2:15p 62.3 6:20a 0.5 6.1 0.00 1.3 12.0 2:25p N 14 66.9 77.7 2:30p 60.1 12:00m 1.5 3.3 0.00 1.3 12.0 3:10p N 15 63.7 71.1 2:55p 58.4 6:10a 2.9 1.6 0.00 1.4 12.0 5:35p N 16 64.6 74.4 4:25p 59.0 7:30a 2.8 2.4 0.00 1.2 11.0 1:50p N 17 68.6 82.2 2:50p 56.9 6:10a 2.6 6.2 0.00 1.1 11.0 2:25p N 18 70.8 83.2 1:45p 60.2 6:30a 1.0 6.9 0.00 1.1 12.0 2:45p N 19 68.7 81.8 2:50p 59.8 5:20a 1.5 5.2 0.00 1.2 12.0 3:45p N 20 66.8 78.3 3:05p 56.6 6:15a 2.4 4.3 0.00 1.5 12.0 11:10a ESE 21 66.0 80.7 4:30p 53.3 6:05a 3.8 4.8 0.00 1.3 14.0 2:15p N 22 70.4 90.1 3:55p 53.2 6:15a 3.3 8.8 0.00 1.1 13.0 5:05p N 23 73.1 90.7 3:10p 56.9 6:05a 1.7 9.8 0.00 1.1 13.0 4:20p N 24 71.0 85.9 3:45p 57.3 5:45a 1.5 7.5 0.00 1.0 12.0 5:55p N 25 69.0 82.4 2:00p 55.9 6:00a 2.3 6.3 0.00 1.3 12.0 1:50p N 26 63.9 74.9 1:50p 53.5 6:05a 3.9 2.8 0.00 2.0 17.0 6:00p N 27 56.6 57.5 12:05a 56.0 12:55a 0.3 0.0 0.00 0.0 0.0 --- --- 28 29 30 ------------------------------------------------------------------------------------- 69.2 99.9 11 48.5 7 57.0 178.7 0.00 1.2 18.0 8 N Max >= 90.0: 6 Max <= 32.0: 0 Min <= 32.0: 0 Min <= 0.0: 0 Max Rain: 0.00 ON 06/01/19 Days of Rain: 0 (>.01 in) 0 (>.1 in) 0 (>1 in) Heat Base: 65.0 Cool Base: 65.0 Method: Integration

These reports are produced by WeatherLink V6.0.3.

deformed-offering