deformed-offering

NOAA-style climate reports

2019: Jan | Feb | Mar | Apr | May | Jun | Jul | Aug | Sep | Oct | Nov | Dec 
2018: Jan | Feb | Mar | Apr | May | Jun | Jul | Aug | Sep | Oct | Nov | Dec 
2017: Jan | Feb | Mar | Apr | May | Jun | Jul | Aug | Sep | Oct | Nov | Dec 
2016: Jan | Feb | Mar | Apr | May | Jun | Jul | Aug | Sep | Oct | Nov | Dec 
2015: Jan | Feb | Mar | Apr | May | Jun | Jul | Aug | Sep | Oct | Nov | Dec 
2014: Jan | Feb | Mar | Apr | May | Jun | Jul | Aug | Sep | Oct | Nov | Dec 
2013: Jan | Feb | Mar | Apr | May | Jun | Jul | Aug | Sep | Oct | Nov | Dec 
2012: Jan | Feb | Mar | Apr | May | Jun | Jul | Aug | Sep | Oct | Nov | Dec 
2011: Jan | Feb | Mar | Apr | May | Jun | Jul | Aug | Sep | Oct | Nov | Dec 
2010: Jan | Feb | Mar | Apr | May | Jun | Jul | Aug | Sep | Oct | Nov | Dec 
2009: Jan | Feb | Mar | Apr | May | Jun | Jul | Aug | Sep | Oct | Nov | Dec 
2008: Jan | Feb | Mar | Apr | May | Jun | Jul | Aug | Sep | Oct | Nov | Dec 
2007: Jan | Feb | Mar | Apr | May | Jun | Jul | Aug | Sep | Oct | Nov | Dec 
2006: Jan | Feb | Mar | Apr | May | Jun | Jul | Aug | Sep | Oct | Nov | Dec 
2005: Jan | Feb | Mar | Apr | May | Jun | Jul | Aug | Sep | Oct | Nov | Dec 
2004: Jan | Feb | Mar | Apr | May | Jun | Jul | Aug | Sep | Oct | Nov | Dec 

Report for 2019 08
MONTHLY CLIMATOLOGICAL SUMMARY for AUG. 2019 NAME: KCASARAT1 CITY: Saratoga STATE: CA ELEV: 375 ft LAT: 37 16' 28" N LONG: 122 01' 23" W TEMPERATURE (F), RAIN (in), WIND SPEED (mph) HEAT COOL AVG MEAN DEG DEG WIND DOM DAY TEMP HIGH TIME LOW TIME DAYS DAYS RAIN SPEED HIGH TIME DIR ------------------------------------------------------------------------------------ 1 67.3 77.2 1:20p 57.5 6:40a 2.0 4.3 0.00 1.5 14.0 1:10p NE 2 69.3 82.0 2:00p 60.1 5:10a 1.4 5.7 0.00 1.1 12.0 3:35p N 3 69.7 86.3 1:55p 55.1 6:00a 2.7 7.4 0.00 1.0 11.0 3:10p N 4 71.0 86.1 2:00p 62.6 7:05a 0.5 6.5 0.00 1.0 12.0 2:40p N 5 72.3 88.0 3:25p 62.4 6:40a 0.5 7.8 0.00 1.0 11.0 3:55p N 6 70.6 88.0 3:00p 57.8 6:20a 1.5 7.1 0.00 1.0 12.0 3:45p N 7 67.9 79.9 1:45p 60.5 11:55p 1.5 4.4 0.00 1.3 12.0 2:35p N 8 65.5 78.8 3:30p 54.8 6:40a 3.4 3.9 0.00 1.4 18.0 2:35p N 9 68.4 80.1 3:10p 57.2 3:25a 2.5 5.9 0.00 1.5 13.0 5:05p N 10 71.0 80.1 4:45p 64.3 12:00m 0.0 6.1 0.00 1.6 16.0 2:00p N 11 70.3 85.1 4:30p 57.3 6:30a 1.9 7.2 0.00 1.3 16.0 2:50p N 12 72.7 92.5 3:40p 56.9 6:40a 2.1 9.9 0.00 1.1 13.0 4:05p N 13 73.3 92.1 3:25p 56.7 6:30a 2.0 10.3 0.00 0.9 12.0 2:45p N 14 77.8 98.0 4:00p 59.9 6:45a 0.8 13.6 0.00 1.0 11.0 1:55p N 15 79.7 98.7 3:15p 62.6 6:45a 0.2 14.9 0.00 0.9 12.0 4:15p N 16 75.6 94.5 1:50p 61.0 6:45a 0.5 11.1 0.00 1.0 11.0 1:45p N 17 68.5 80.5 4:15p 58.7 6:30a 1.6 5.1 0.00 1.7 14.0 1:25p ESE 18 65.6 78.1 4:40p 54.2 6:35a 3.3 3.9 0.00 1.4 16.0 1:55p ESE 19 65.3 77.2 2:40p 56.0 4:05a 3.1 3.4 0.00 1.2 11.0 2:30p N 20 66.5 76.3 3:50p 59.5 7:05a 2.0 3.5 0.00 1.2 13.0 2:40p N 21 69.5 84.9 3:00p 54.8 6:45a 3.2 7.7 0.00 1.0 11.0 2:25p N 22 75.3 88.8 3:45p 66.1 7:05a 0.0 10.3 0.00 1.1 13.0 2:30p N 23 72.0 86.3 2:15p 60.7 6:40a 0.8 7.8 0.00 1.1 12.0 2:30p N 24 70.6 82.8 4:00p 60.1 6:15a 1.1 6.7 0.00 1.0 11.0 1:10p N 25 69.2 86.5 1:55p 62.0 4:40a 0.5 3.2 0.00 0.7 11.0 1:55p N 26 27 28 29 30 31 ------------------------------------------------------------------------------------- 70.6 98.7 15 54.2 18 39.1 177.7 0.00 1.2 18.0 8 N Max >= 90.0: 5 Max <= 32.0: 0 Min <= 32.0: 0 Min <= 0.0: 0 Max Rain: 0.00 ON 08/01/19 Days of Rain: 0 (>.01 in) 0 (>.1 in) 0 (>1 in) Heat Base: 65.0 Cool Base: 65.0 Method: Integration

These reports are produced by WeatherLink V6.0.3.

deformed-offering