deformed-offering

NOAA-style climate reports

2018: Jan | Feb | Mar | Apr | May | Jun | Jul | Aug | Sep | Oct | Nov | Dec 
2017: Jan | Feb | Mar | Apr | May | Jun | Jul | Aug | Sep | Oct | Nov | Dec 
2016: Jan | Feb | Mar | Apr | May | Jun | Jul | Aug | Sep | Oct | Nov | Dec 
2015: Jan | Feb | Mar | Apr | May | Jun | Jul | Aug | Sep | Oct | Nov | Dec 
2014: Jan | Feb | Mar | Apr | May | Jun | Jul | Aug | Sep | Oct | Nov | Dec 
2013: Jan | Feb | Mar | Apr | May | Jun | Jul | Aug | Sep | Oct | Nov | Dec 
2012: Jan | Feb | Mar | Apr | May | Jun | Jul | Aug | Sep | Oct | Nov | Dec 
2011: Jan | Feb | Mar | Apr | May | Jun | Jul | Aug | Sep | Oct | Nov | Dec 
2010: Jan | Feb | Mar | Apr | May | Jun | Jul | Aug | Sep | Oct | Nov | Dec 
2009: Jan | Feb | Mar | Apr | May | Jun | Jul | Aug | Sep | Oct | Nov | Dec 
2008: Jan | Feb | Mar | Apr | May | Jun | Jul | Aug | Sep | Oct | Nov | Dec 
2007: Jan | Feb | Mar | Apr | May | Jun | Jul | Aug | Sep | Oct | Nov | Dec 
2006: Jan | Feb | Mar | Apr | May | Jun | Jul | Aug | Sep | Oct | Nov | Dec 
2005: Jan | Feb | Mar | Apr | May | Jun | Jul | Aug | Sep | Oct | Nov | Dec 
2004: Jan | Feb | Mar | Apr | May | Jun | Jul | Aug | Sep | Oct | Nov | Dec 

Report for 2018 08
MONTHLY CLIMATOLOGICAL SUMMARY for AUG. 2018 NAME: KCASARAT1 CITY: Saratoga STATE: CA ELEV: 375 ft LAT: 37 16' 28" N LONG: 122 01' 23" W TEMPERATURE (F), RAIN (in), WIND SPEED (mph) HEAT COOL AVG MEAN DEG DEG WIND DOM DAY TEMP HIGH TIME LOW TIME DAYS DAYS RAIN SPEED HIGH TIME DIR ------------------------------------------------------------------------------------ 1 67.0 79.9 3:15p 57.6 3:20a 2.5 4.5 0.00 1.1 11.0 2:15p N 2 67.2 80.5 2:45p 58.3 5:25a 2.5 4.8 0.00 1.1 11.0 2:55p N 3 69.0 87.0 4:10p 52.6 6:05a 3.6 7.6 0.00 0.8 11.0 3:45p N 4 71.5 87.0 2:15p 56.6 6:35a 1.9 8.4 0.00 1.1 11.0 2:05p N 5 69.0 85.5 3:25p 54.7 6:20a 2.8 6.8 0.00 1.1 14.0 3:25p N 6 70.1 90.7 3:15p 53.9 6:10a 3.2 8.3 0.00 1.1 14.0 3:50p N 7 65.9 78.8 3:50p 54.5 6:40a 3.1 4.0 0.00 0.7 8.0 2:15p N 8 69.1 84.0 3:40p 57.5 2:15a 2.4 6.5 0.00 0.8 11.0 3:35p N 9 72.0 90.3 3:40p 57.3 5:15a 2.1 9.1 0.00 0.8 10.0 3:40p N 10 72.3 89.7 3:35p 56.9 6:30a 1.8 9.1 0.00 0.8 10.0 2:20p N 11 72.3 88.8 2:10p 59.2 6:35a 1.1 8.4 0.00 0.9 11.0 2:10p N 12 70.2 88.4 2:45p 56.2 6:45a 2.1 7.3 0.00 1.0 11.0 3:05p N 13 66.4 76.8 1:30p 57.6 4:40a 2.2 3.5 0.00 1.3 12.0 3:20p N 14 65.6 73.7 3:20p 60.4 6:00a 1.8 2.4 0.00 1.3 13.0 2:25p N 15 66.9 74.7 2:20p 61.2 6:50a 1.2 3.1 0.00 1.3 12.0 3:10p N 16 62.8 64.2 12:05a 62.3 4:55a 0.8 0.0 0.00 0.2 5.0 4:20a NE 17 18 19 20 21 22 23 24 25 26 27 28 29 30 31 ------------------------------------------------------------------------------------- 68.6 90.7 6 52.6 3 35.1 93.8 0.00 1.0 14.0 5 N Max >= 90.0: 2 Max <= 32.0: 0 Min <= 32.0: 0 Min <= 0.0: 0 Max Rain: 0.00 ON 08/01/18 Days of Rain: 0 (>.01 in) 0 (>.1 in) 0 (>1 in) Heat Base: 65.0 Cool Base: 65.0 Method: Integration

These reports are produced by WeatherLink V6.0.3.

deformed-offering