deformed-offering

NOAA-style climate reports

2021: Jan | Feb | Mar | Apr | May | Jun | Jul | Aug | Sep | Oct | Nov | Dec 
2020: Jan | Feb | Mar | Apr | May | Jun | Jul | Aug | Sep | Oct | Nov | Dec 
2019: Jan | Feb | Mar | Apr | May | Jun | Jul | Aug | Sep | Oct | Nov | Dec 
2018: Jan | Feb | Mar | Apr | May | Jun | Jul | Aug | Sep | Oct | Nov | Dec 
2017: Jan | Feb | Mar | Apr | May | Jun | Jul | Aug | Sep | Oct | Nov | Dec 
2016: Jan | Feb | Mar | Apr | May | Jun | Jul | Aug | Sep | Oct | Nov | Dec 
2015: Jan | Feb | Mar | Apr | May | Jun | Jul | Aug | Sep | Oct | Nov | Dec 
2014: Jan | Feb | Mar | Apr | May | Jun | Jul | Aug | Sep | Oct | Nov | Dec 
2013: Jan | Feb | Mar | Apr | May | Jun | Jul | Aug | Sep | Oct | Nov | Dec 
2012: Jan | Feb | Mar | Apr | May | Jun | Jul | Aug | Sep | Oct | Nov | Dec 
2011: Jan | Feb | Mar | Apr | May | Jun | Jul | Aug | Sep | Oct | Nov | Dec 
2010: Jan | Feb | Mar | Apr | May | Jun | Jul | Aug | Sep | Oct | Nov | Dec 
2009: Jan | Feb | Mar | Apr | May | Jun | Jul | Aug | Sep | Oct | Nov | Dec 
2008: Jan | Feb | Mar | Apr | May | Jun | Jul | Aug | Sep | Oct | Nov | Dec 
2007: Jan | Feb | Mar | Apr | May | Jun | Jul | Aug | Sep | Oct | Nov | Dec 
2006: Jan | Feb | Mar | Apr | May | Jun | Jul | Aug | Sep | Oct | Nov | Dec 
2005: Jan | Feb | Mar | Apr | May | Jun | Jul | Aug | Sep | Oct | Nov | Dec 
2004: Jan | Feb | Mar | Apr | May | Jun | Jul | Aug | Sep | Oct | Nov | Dec 

Report for 2021 10
MONTHLY CLIMATOLOGICAL SUMMARY for OCT. 2021 NAME: KCASARAT1 CITY: Saratoga STATE: CA ELEV: 375 ft LAT: 37 16' 28" N LONG: 122 01' 23" W TEMPERATURE (F), RAIN (in), WIND SPEED (mph) HEAT COOL AVG MEAN DEG DEG WIND DOM DAY TEMP HIGH TIME LOW TIME DAYS DAYS RAIN SPEED HIGH TIME DIR ------------------------------------------------------------------------------------ 1 67.9 87.0 4:10p 52.8 7:25a 3.8 6.8 0.00 0.6 10.0 4:05p N 2 69.3 88.2 4:10p 54.2 7:25a 3.0 7.3 0.00 0.6 10.0 2:25p N 3 70.5 89.5 4:25p 56.0 7:25a 2.5 8.0 0.00 0.7 10.0 3:50p N 4 69.8 88.2 3:10p 56.3 7:30a 2.6 7.3 0.00 0.6 8.0 2:35p N 5 63.2 76.1 4:00p 54.7 7:05a 4.1 2.3 0.00 0.6 11.0 4:45p N 6 60.8 69.6 2:25p 55.0 7:30a 4.9 0.8 0.00 0.4 10.0 3:05p N 7 57.9 68.9 2:05p 48.8 6:20a 7.6 0.5 0.00 0.7 11.0 2:05p N 8 57.0 65.8 3:05p 51.1 8:00a 8.0 0.0 0.00 0.5 21.0 10:55a N 9 58.5 71.1 4:15p 49.1 7:25a 7.7 1.2 0.00 0.1 11.0 12:25p N 10 60.0 76.8 3:50p 47.0 7:25a 7.8 2.7 0.00 0.0 10.0 3:30p N 11 57.3 66.4 3:10p 46.7 5:00a 7.9 0.1 0.00 1.3 25.0 1:05p NNW 12 57.9 67.4 4:25p 46.2 12:00m 7.4 0.3 0.00 1.7 19.0 10:55a NNW 13 53.2 67.6 3:20p 42.1 6:35a 11.9 0.2 0.00 0.4 11.0 3:20p N 14 57.8 73.0 3:25p 45.7 7:25a 9.0 1.8 0.00 0.4 10.0 1:10p N 15 60.6 79.8 3:35p 46.2 7:30a 8.0 3.7 0.00 0.2 8.0 2:05p N 16 63.9 83.8 4:00p 48.9 7:35a 5.8 4.7 0.00 0.2 11.0 4:20p N 17 59.2 74.7 1:15p 50.1 6:10a 7.4 1.6 0.00 0.7 18.0 1:15p S 18 53.5 62.1 2:40p 46.8 11:50p 11.5 0.0 0.04 0.5 11.0 2:50p NNW 19 54.9 67.8 2:25p 42.5 7:30a 10.4 0.3 0.00 2.4 20.0 7:50p E 20 59.7 65.0 3:10p 55.3 5:30a 5.3 0.0 0.00 3.6 19.0 2:45a E 21 65.3 73.9 3:45p 61.2 12:05a 1.6 1.9 0.02 2.7 14.0 1:15a ESE 22 60.3 65.8 3:05p 53.8 11:55p 4.7 0.0 0.19 1.7 19.0 4:10a E 23 58.1 67.3 3:40p 49.5 7:30a 7.2 0.3 0.00 1.6 18.0 10:45p ESE 24 59.0 62.4 10:55a 57.3 4:30a 3.0 0.0 0.55 3.6 34.0 10:55a S 25 26 27 28 29 30 31 ------------------------------------------------------------------------------------- 60.7 89.5 3 42.1 13 153.1 51.8 0.80 1.1 34.0 24 N Max >= 90.0: 0 Max <= 32.0: 0 Min <= 32.0: 0 Min <= 0.0: 0 Max Rain: 0.55 ON 10/24/21 Days of Rain: 4 (>.01 in) 2 (>.1 in) 0 (>1 in) Heat Base: 65.0 Cool Base: 65.0 Method: Integration

These reports are produced by WeatherLink V6.0.3.

deformed-offering