deformed-offering

NOAA-style climate reports

2018: Jan | Feb | Mar | Apr | May | Jun | Jul | Aug | Sep | Oct | Nov | Dec 
2017: Jan | Feb | Mar | Apr | May | Jun | Jul | Aug | Sep | Oct | Nov | Dec 
2016: Jan | Feb | Mar | Apr | May | Jun | Jul | Aug | Sep | Oct | Nov | Dec 
2015: Jan | Feb | Mar | Apr | May | Jun | Jul | Aug | Sep | Oct | Nov | Dec 
2014: Jan | Feb | Mar | Apr | May | Jun | Jul | Aug | Sep | Oct | Nov | Dec 
2013: Jan | Feb | Mar | Apr | May | Jun | Jul | Aug | Sep | Oct | Nov | Dec 
2012: Jan | Feb | Mar | Apr | May | Jun | Jul | Aug | Sep | Oct | Nov | Dec 
2011: Jan | Feb | Mar | Apr | May | Jun | Jul | Aug | Sep | Oct | Nov | Dec 
2010: Jan | Feb | Mar | Apr | May | Jun | Jul | Aug | Sep | Oct | Nov | Dec 
2009: Jan | Feb | Mar | Apr | May | Jun | Jul | Aug | Sep | Oct | Nov | Dec 
2008: Jan | Feb | Mar | Apr | May | Jun | Jul | Aug | Sep | Oct | Nov | Dec 
2007: Jan | Feb | Mar | Apr | May | Jun | Jul | Aug | Sep | Oct | Nov | Dec 
2006: Jan | Feb | Mar | Apr | May | Jun | Jul | Aug | Sep | Oct | Nov | Dec 
2005: Jan | Feb | Mar | Apr | May | Jun | Jul | Aug | Sep | Oct | Nov | Dec 
2004: Jan | Feb | Mar | Apr | May | Jun | Jul | Aug | Sep | Oct | Nov | Dec 

Report for 2018 10
MONTHLY CLIMATOLOGICAL SUMMARY for OCT. 2018 NAME: KCASARAT1 CITY: Saratoga STATE: CA ELEV: 375 ft LAT: 37 16' 28" N LONG: 122 01' 23" W TEMPERATURE (F), RAIN (in), WIND SPEED (mph) HEAT COOL AVG MEAN DEG DEG WIND DOM DAY TEMP HIGH TIME LOW TIME DAYS DAYS RAIN SPEED HIGH TIME DIR ------------------------------------------------------------------------------------ 1 65.6 78.3 4:15p 54.8 6:00a 3.2 3.7 0.00 0.8 13.0 5:40p N 2 69.0 81.6 4:05p 62.0 4:20a 0.9 4.9 0.00 0.7 10.0 5:00p N 3 66.9 75.1 2:05p 62.0 7:50a 0.4 2.4 0.12 0.6 16.0 4:55p S 4 64.3 71.8 3:55p 57.6 6:55a 2.4 1.7 0.00 0.9 13.0 10:50a N 5 61.6 73.5 3:55p 49.8 7:20a 5.5 2.1 0.00 0.9 11.0 3:00p N 6 61.6 73.2 4:15p 52.0 7:05a 5.5 2.1 0.00 1.4 17.0 1:15p N 7 67.7 78.1 4:45p 56.9 12:35a 1.5 4.2 0.00 3.4 21.0 9:15a NW 8 67.5 81.2 3:50p 55.9 7:45a 2.7 5.1 0.00 1.2 13.0 2:45p NW 9 63.0 77.6 2:55p 52.6 7:30a 4.7 2.7 0.00 0.7 10.0 2:35p N 10 59.0 70.6 3:20p 49.8 7:10a 7.0 0.9 0.01 1.0 13.0 11:00a E 11 59.2 71.3 3:55p 49.6 5:20a 6.9 1.1 0.00 0.7 12.0 4:00p N 12 63.1 80.1 4:05p 50.2 7:10a 6.0 4.1 0.00 1.0 12.0 11:30a N 13 62.0 78.8 3:00p 51.1 7:30a 5.9 2.9 0.00 0.7 12.0 3:25p N 14 59.9 75.3 4:45p 50.1 7:50a 7.3 2.2 0.00 0.7 10.0 12:15p NW 15 61.5 78.5 5:05p 48.8 7:00a 7.0 3.5 0.00 1.3 13.0 10:25a NW 16 60.4 79.2 4:00p 46.1 7:50a 8.1 3.5 0.00 0.8 10.0 12:40p N 17 58.4 74.6 3:40p 46.8 4:25a 8.3 1.7 0.00 0.5 8.0 2:40p N 18 59.2 73.7 4:50p 48.8 2:25a 7.4 1.5 0.00 0.4 8.0 2:45p N 19 60.7 78.8 4:00p 48.0 7:25a 7.3 3.0 0.00 0.5 10.0 2:15p N 20 59.9 76.7 3:30p 47.6 7:35a 7.6 2.5 0.00 0.4 7.0 3:15p N 21 58.1 67.8 3:10p 51.6 1:35a 7.3 0.4 0.00 0.5 8.0 1:25p N 22 54.9 58.1 11:15a 51.6 12:05a 4.7 0.0 0.00 0.1 6.0 11:10a SW 23 24 25 26 27 28 29 30 31 ------------------------------------------------------------------------------------- 62.0 81.6 2 46.1 16 117.6 56.2 0.13 0.9 21.0 7 N Max >= 90.0: 0 Max <= 32.0: 0 Min <= 32.0: 0 Min <= 0.0: 0 Max Rain: 0.12 ON 10/03/18 Days of Rain: 1 (>.01 in) 1 (>.1 in) 0 (>1 in) Heat Base: 65.0 Cool Base: 65.0 Method: Integration

These reports are produced by WeatherLink V6.0.3.

deformed-offering